000
CDUS43 KILX 232139
CLIDEC


CLIMATE REPORT
NATIONAL WEATHER SERVICE LINCOLN IL
439 PM CDT WED MAY 23 2018


...................................

...THE DECATUR IL AIRPORT CLIMATE SUMMARY FOR MAY 23 2018...
VALID TODAY AS OF 0400 PM LOCAL TIME.

CLIMATE NORMAL PERIOD 1981 TO 2010
CLIMATE RECORD PERIOD 9999 TO 9999


WEATHER ITEM   OBSERVED TIME   RECORD YEAR NORMAL DEPARTURE LAST
                VALUE   (LST)  VALUE       VALUE  FROM      YEAR
                                                  NORMAL
..................................................................
TEMPERATURE (F)
 TODAY
  MAXIMUM         86    259 PM  MM      MM  76     10       69
  MINIMUM         54    502 AM  MM      MM  54      0       57
  AVERAGE         70                        65      5       63

PRECIPITATION (IN)
  TODAY            0.00         MM      MM   0.14  -0.14     0.33
  MONTH TO DATE    1.38                      3.38  -2.00     8.47
  SINCE MAR 1      6.62                      9.82  -3.20    16.75
  SINCE JAN 1     11.75                     13.54  -1.79    18.85

DEGREE DAYS
 HEATING
  TODAY            0                         3     -3        2
  MONTH TO DATE    7                       120   -113      141
  SINCE MAR 1   1396                      1226    170     1045
  SINCE JUL 1   5548                      5483     65     4404

 COOLING
  TODAY            5                         3      2        0
  MONTH TO DATE  120                        42     78       50
  SINCE MAR 1    123                        56     67       73
  SINCE JAN 1    123                        56     67       73
..................................................................


WIND (MPH)
  HIGHEST WIND SPEED    12   HIGHEST WIND DIRECTION     N (340)
  HIGHEST GUST SPEED    15   HIGHEST GUST DIRECTION     N (340)
  AVERAGE WIND SPEED     5.3


SKY COVER
  POSSIBLE SUNSHINE  MM
  AVERAGE SKY COVER 0.0


WEATHER CONDITIONS
 THE FOLLOWING WEATHER WAS RECORDED TODAY.
  FOG


RELATIVE HUMIDITY (PERCENT)
 HIGHEST   100           500 AM
 LOWEST     37           200 PM
 AVERAGE    69

..........................................................


THE DECATUR IL AIRPORT CLIMATE NORMALS FOR TOMORROW
                         NORMAL    RECORD    YEAR
 MAXIMUM TEMPERATURE (F)   76        MM        MM
 MINIMUM TEMPERATURE (F)   54        MM        MM


SUNRISE AND SUNSET
MAY 23 2018...........SUNRISE   534 AM CDT   SUNSET   811 PM CDT
MAY 24 2018...........SUNRISE   533 AM CDT   SUNSET   811 PM CDT


-  INDICATES NEGATIVE NUMBERS.
R  INDICATES RECORD WAS SET OR TIED.
MM INDICATES DATA IS MISSING.
T  INDICATES TRACE AMOUNT.




$$
