000
CDUS44 KSHV 192212
CLIDEQ


CLIMATE REPORT
NATIONAL WEATHER SERVICE SHREVEPORT, LA
512 PM CDT THU APR 19 2018


...................................

...THE DE QUEEN CLIMATE SUMMARY FOR APRIL 19 2018...
VALID TODAY AS OF 0500 PM LOCAL TIME.

CLIMATE NORMAL PERIOD 1981 TO 2010
CLIMATE RECORD PERIOD 1902 TO 2018


WEATHER ITEM   OBSERVED TIME   RECORD YEAR NORMAL DEPARTURE LAST
                VALUE   (LST)  VALUE       VALUE  FROM      YEAR
                                                  NORMAL
..................................................................
TEMPERATURE (F)
 TODAY
  MAXIMUM         67    259 PM  94    1987  75     -8       81
  MINIMUM         39    612 AM  30    1953  49    -10       57
  AVERAGE         53                        62     -9       69

PRECIPITATION (IN)
  TODAY            0.00          2.45 1973   0.13  -0.13     0.00
  MONTH TO DATE    3.48                      2.20   1.28     6.21
  SINCE DEC 1     27.62                     18.20   9.42    16.99
  SINCE JAN 1     22.37                     13.84   8.53    14.28

SNOWFALL (IN)
  TODAY            0.0
  MONTH TO DATE    0.0
  SINCE MAR 1      0.0
  SINCE JUL 1      0.1
  SNOW DEPTH       0

DEGREE DAYS
 HEATING
  TODAY           12                         4      8        0
  MONTH TO DATE  172                       121     51       39
  SINCE MAR 1    453                       498    -45      272
  SINCE JUL 1   2827                      2989   -162     2041

 COOLING
  TODAY            0                         1     -1        4
  MONTH TO DATE    4                        19    -15       41
  SINCE MAR 1     16                        28    -12       68
  SINCE JAN 1     18                        30    -12       78
..................................................................


WIND (MPH)
  HIGHEST WIND SPEED    15   HIGHEST WIND DIRECTION     N (360)
  HIGHEST GUST SPEED    22   HIGHEST GUST DIRECTION     N (20)
  AVERAGE WIND SPEED     5.4


SKY COVER
  POSSIBLE SUNSHINE  MM
  AVERAGE SKY COVER 0.0


WEATHER CONDITIONS
 THE FOLLOWING WEATHER WAS RECORDED TODAY.
  NO SIGNIFICANT WEATHER WAS OBSERVED.


RELATIVE HUMIDITY (PERCENT)
 HIGHEST   100           600 AM
 LOWEST     34           100 PM
 AVERAGE    67

..........................................................


THE DE QUEEN CLIMATE NORMALS FOR TOMORROW
                         NORMAL    RECORD    YEAR
 MAXIMUM TEMPERATURE (F)   75        94      1987
 MINIMUM TEMPERATURE (F)   50        33      1956


SUNRISE AND SUNSET
APRIL 19 2018.........SUNRISE   642 AM CDT   SUNSET   752 PM CDT
APRIL 20 2018.........SUNRISE   641 AM CDT   SUNSET   753 PM CDT


-  INDICATES NEGATIVE NUMBERS.
R  INDICATES RECORD WAS SET OR TIED.
MM INDICATES DATA IS MISSING.
T  INDICATES TRACE AMOUNT.




$$
