000
CDUS44 KTAE 220636
CLIDHN


CLIMATE REPORT
NATIONAL WEATHER SERVICE TALLAHASSEE FL
236 AM EDT SUN APR 22 2018


...................................

...THE DOTHAN CLIMATE SUMMARY FOR APRIL 21 2018...

CLIMATE NORMAL PERIOD 1981 TO 2010
CLIMATE RECORD PERIOD 1965 TO 2018


WEATHER ITEM   OBSERVED TIME   NORMAL DEPARTURE LAST
                VALUE   (LST)  VALUE  FROM      YEAR
                                      NORMAL
......................................................
TEMPERATURE (F)
 YESTERDAY
  MAXIMUM         79    343 PM  80     -1       88
  MINIMUM         57    450 AM  55      2       63
  AVERAGE         68            67      1       76

PRECIPITATION (IN)
  YESTERDAY        0.00          0.12  -0.12     0.00
  MONTH TO DATE    2.83          2.76   0.07     1.07
  SINCE MAR 1      6.41          8.64  -2.23     2.60
  SINCE JAN 1     16.84         18.04  -1.20    22.19

SNOWFALL (IN)
  YESTERDAY        0.0

DEGREE DAYS
 HEATING
  YESTERDAY        0             1     -1        0
  MONTH TO DATE   61            61      0       19
  SINCE MAR 1    278           272      6      190
  SINCE JUL 1   1559          1831   -272     1049

 COOLING
  YESTERDAY        3             4     -1       11
  MONTH TO DATE   40            48     -8      116
  SINCE MAR 1     75            69      6      192
  SINCE JAN 1    153            79     74      230
......................................................


WIND (MPH)
  HIGHEST WIND SPEED    20   HIGHEST WIND DIRECTION     E (90)
  HIGHEST GUST SPEED    26   HIGHEST GUST DIRECTION     E (80)
  AVERAGE WIND SPEED    12.2








-  INDICATES NEGATIVE NUMBERS.
R  INDICATES RECORD WAS SET OR TIED.
MM INDICATES DATA IS MISSING.
T  INDICATES TRACE AMOUNT.




$$
