116
CDUS45 KEPZ 262327
CLIDMN


CLIMATE REPORT
NATIONAL WEATHER SERVICE EL PASO, TX
526 PM MDT SAT MAY 26 2018


...................................

...THE DEMING CLIMATE SUMMARY FOR MAY 26 2018...
VALID TODAY AS OF 0500 PM LOCAL TIME.

CLIMATE NORMAL PERIOD 1981 TO 2010
CLIMATE RECORD PERIOD 2000 TO 2018


WEATHER ITEM   OBSERVED TIME   NORMAL DEPARTURE LAST
                VALUE   (LST)  VALUE  FROM      YEAR
                                      NORMAL
......................................................
TEMPERATURE (F)
 TODAY
  MAXIMUM         99    327 PM  90      9       91
  MINIMUM         61    532 AM  54      7       55

PRECIPITATION (IN)
  TODAY            0.00          0.01  -0.01     0.00
  MONTH TO DATE    0.00          0.41  -0.41     0.02
  SINCE MAR 1      T             1.19  -1.19     0.03
  SINCE JAN 1      1.55          2.39  -0.84     2.96

......................................................


WIND (MPH)
  HIGHEST WIND SPEED    25   HIGHEST WIND DIRECTION     S (200)
  HIGHEST GUST SPEED    33   HIGHEST GUST DIRECTION     S (190)


SKY COVER
  AVERAGE SKY COVER 0.0


WEATHER CONDITIONS
 THE FOLLOWING WEATHER WAS RECORDED TODAY.
  NO SIGNIFICANT WEATHER WAS OBSERVED.


RELATIVE HUMIDITY (PERCENT)
 HIGHEST    19           400 AM
 LOWEST      7           100 PM
 AVERAGE    13

..........................................................


THE DEMING CLIMATE NORMALS FOR TOMORROW
                         NORMAL
 MAXIMUM TEMPERATURE (F)   90
 MINIMUM TEMPERATURE (F)   54


SUNRISE AND SUNSET
MAY 26 2018...........SUNRISE   607 AM MDT   SUNSET   809 PM MDT
MAY 27 2018...........SUNRISE   607 AM MDT   SUNSET   810 PM MDT


-  INDICATES NEGATIVE NUMBERS.
R  INDICATES RECORD WAS SET OR TIED.
MM INDICATES DATA IS MISSING.
T  INDICATES TRACE AMOUNT.




$$
