000
CDUS42 KCAE 250542
CLIDNL


CLIMATE REPORT
NATIONAL WEATHER SERVICE COLUMBIA SC
142 AM EDT FRI MAY 25 2018


...................................

...THE AUGUSTA DANIEL FIELD GA CLIMATE SUMMARY FOR MAY 24 2018...

CLIMATE NORMAL PERIOD 1981 TO 2010
CLIMATE RECORD PERIOD 9999 TO 9999


WEATHER ITEM   OBSERVED TIME   NORMAL DEPARTURE LAST
                VALUE   (LST)  VALUE  FROM      YEAR
                                      NORMAL
......................................................
TEMPERATURE (F)
 YESTERDAY
  MAXIMUM         87    303 PM  85      2       78
  MINIMUM         71    710 AM  65      6       63
  AVERAGE         79            75      4       71

PRECIPITATION (IN)
  YESTERDAY        0.49          0.13   0.36     1.27
  MONTH TO DATE    5.11          2.20   2.91     3.68
  SINCE MAR 1     11.01          9.46   1.55     7.93
  SINCE JAN 1     15.46         17.70  -2.24    20.29

DEGREE DAYS
 HEATING
  YESTERDAY        0             0      0        0
  MONTH TO DATE    0             8     -8        6
  SINCE MAR 1    348           354     -6      238
  SINCE JUL 1   1771          2167   -396     1245

 COOLING
  YESTERDAY       14            10      4        6
  MONTH TO DATE  275           177     98      244
  SINCE MAR 1    348           274     74      525
  SINCE JAN 1    417           278    139      559
......................................................


WIND (MPH)
  HIGHEST WIND SPEED    21   HIGHEST WIND DIRECTION     E (70)
  HIGHEST GUST SPEED    26   HIGHEST GUST DIRECTION    NE (60)
  AVERAGE WIND SPEED     3.9


SKY COVER
  AVERAGE SKY COVER 0.9


WEATHER CONDITIONS
 THE FOLLOWING WEATHER WAS RECORDED YESTERDAY.
  THUNDERSTORM
  HEAVY RAIN
  RAIN
  LIGHT RAIN
  FOG
  FOG W/VISIBILITY <= 1/4 MILE


RELATIVE HUMIDITY (PERCENT)
 HIGHEST   100          1200 AM
 LOWEST     57           300 PM

..........................................................


THE AUGUSTA DANIEL FIELD GA CLIMATE NORMALS FOR TODAY
                         NORMAL    RECORD    YEAR
 MAXIMUM TEMPERATURE (F)   86        MM        MM
 MINIMUM TEMPERATURE (F)   65        MM        MM


SUNRISE AND SUNSET
MAY 25 2018...........SUNRISE   622 AM EDT   SUNSET   829 PM EDT
MAY 26 2018...........SUNRISE   621 AM EDT   SUNSET   829 PM EDT


-  INDICATES NEGATIVE NUMBERS.
R  INDICATES RECORD WAS SET OR TIED.
MM INDICATES DATA IS MISSING.
T  INDICATES TRACE AMOUNT.




$$
