000
CDUS43 KLOT 230643
CLIDPA


CLIMATE REPORT
NATIONAL WEATHER SERVICE CHICAGO IL
142 AM CDT MON APR 23 2018


...................................

...THE DU PAGE  AIRPORT CLIMATE SUMMARY FOR APRIL 22 2018...

CLIMATE NORMAL PERIOD 1981 TO 2010
CLIMATE RECORD PERIOD 1997 TO 2018


WEATHER ITEM   OBSERVED TIME   RECORD YEAR NORMAL DEPARTURE LAST
                VALUE   (LST)  VALUE       VALUE  FROM      YEAR
                                                  NORMAL
..................................................................
TEMPERATURE (F)
 YESTERDAY
  MAXIMUM         62    250 PM  81    2007  64     -2       61
  MINIMUM         39   1211 AM  28    2003  40     -1       35
  AVERAGE         51                        52     -1       48

PRECIPITATION (IN)
  YESTERDAY        0.00          0.58        0.11  -0.11     0.00
  MONTH TO DATE    1.42                      2.23  -0.81     2.48
  SINCE MAR 1      3.12                      4.59  -1.47     5.79
  SINCE JAN 1      5.32                      7.32  -2.00     9.20

DEGREE DAYS
 HEATING
  YESTERDAY       14                        14      0       17
  MONTH TO DATE  616                       379    237      270
  SINCE MAR 1   1502                      1215    287     1089
  SINCE JUL 1   6374                      5970    404     5188

 COOLING
  YESTERDAY        0                         0      0        0
  MONTH TO DATE    0                         0      0        6
  SINCE MAR 1      0                         0      0        6
  SINCE JAN 1      0                         0      0        6
..................................................................


WIND (MPH)
  RESULTANT WIND SPEED  11   RESULTANT WIND DIRECTION  NE (60)
  HIGHEST WIND SPEED    21   HIGHEST WIND DIRECTION    NE (60)
  HIGHEST GUST SPEED    29   HIGHEST GUST DIRECTION    NE (60)
  AVERAGE WIND SPEED    10.9



WEATHER CONDITIONS
 THE FOLLOWING WEATHER WAS RECORDED YESTERDAY.
  HAZE


..........................................................


THE DU PAGE  AIRPORT CLIMATE NORMALS FOR TODAY
                         NORMAL    RECORD    YEAR
 MAXIMUM TEMPERATURE (F)   64        75      2008
 MINIMUM TEMPERATURE (F)   40        25      2003


SUNRISE AND SUNSET
APRIL 23 2018.........SUNRISE   600 AM CDT   SUNSET   743 PM CDT
APRIL 24 2018.........SUNRISE   559 AM CDT   SUNSET   744 PM CDT


-  INDICATES NEGATIVE NUMBERS.
R  INDICATES RECORD WAS SET OR TIED.
MM INDICATES DATA IS MISSING.
T  INDICATES TRACE AMOUNT.




$$
