000
CDUS46 KOTX 190834
CLIEPH


CLIMATE REPORT
NATIONAL WEATHER SERVICE SPOKANE, WA
134 AM PDT THU APR 19 2018


...................................

...THE EPHRATA WA AIRPORT CLIMATE SUMMARY FOR APRIL 18 2018...

CLIMATE NORMAL PERIOD 1981 TO 2010
CLIMATE RECORD PERIOD 9999 TO 9999


WEATHER ITEM   OBSERVED TIME   RECORD YEAR NORMAL DEPARTURE LAST
                VALUE   (LST)  VALUE       VALUE  FROM      YEAR
                                                  NORMAL
..................................................................
TEMPERATURE (F)
 YESTERDAY
  MAXIMUM         59    417 PM  84    1994  63     -4       63
  MINIMUM         33    312 AM  24    1982  38     -5       39
  AVERAGE         46                        51     -5       51

PRECIPITATION (IN)
  YESTERDAY        0.00          0.27 1967   0.02  -0.02     0.04
  MONTH TO DATE    1.06                      0.31   0.75     1.34
  SINCE OCT 1      5.95                      5.47   0.48     8.33
  SINCE JAN 1      3.37                      2.64   0.73     4.73

SNOWFALL (IN)
  YESTERDAY       MM

DEGREE DAYS
 HEATING
  YESTERDAY       19                        14      5       14
  MONTH TO DATE  306                       288     18      302
  SINCE MAR 1    979                       972      7      984
  SINCE JUL 1   5213                      5545   -332     5762

 COOLING
  YESTERDAY        0                         0      0        0
  MONTH TO DATE    0                         0      0        0
  SINCE MAR 1      0                         0      0        0
  SINCE JAN 1      0                         0      0        0
..................................................................


WIND (MPH)
  HIGHEST WIND SPEED    17   HIGHEST WIND DIRECTION    NE (30)
  HIGHEST GUST SPEED    26   HIGHEST GUST DIRECTION     N (360)
  AVERAGE WIND SPEED     8.5


SKY COVER
  POSSIBLE SUNSHINE  MM
  AVERAGE SKY COVER 0.2


WEATHER CONDITIONS
 THE FOLLOWING WEATHER WAS RECORDED YESTERDAY.
  NO SIGNIFICANT WEATHER WAS OBSERVED.


RELATIVE HUMIDITY (PERCENT)
 HIGHEST    89           300 AM
 LOWEST     30           400 PM
 AVERAGE    60

..........................................................


THE EPHRATA WA AIRPORT CLIMATE NORMALS FOR TODAY
                         NORMAL    RECORD    YEAR
 MAXIMUM TEMPERATURE (F)   64        83      2016
 MINIMUM TEMPERATURE (F)   38        21      2008


SUNRISE AND SUNSET
APRIL 19 2018.........SUNRISE   602 AM PDT   SUNSET   753 PM PDT
APRIL 20 2018.........SUNRISE   600 AM PDT   SUNSET   754 PM PDT


-  INDICATES NEGATIVE NUMBERS.
R  INDICATES RECORD WAS SET OR TIED.
MM INDICATES DATA IS MISSING.
T  INDICATES TRACE AMOUNT.




$$
