000
CDUS41 KCLE 240545
CLIERI


CLIMATE REPORT
NATIONAL WEATHER SERVICE CLEVELAND OH
145 AM EDT THU MAY 24 2018


...................................

...THE ERIE PA CLIMATE SUMMARY FOR MAY 23 2018...

CLIMATE NORMAL PERIOD 1981 TO 2010
CLIMATE RECORD PERIOD 1873 TO 2018


WEATHER ITEM   OBSERVED TIME   RECORD YEAR NORMAL DEPARTURE LAST
                VALUE   (LST)  VALUE       VALUE  FROM      YEAR
                                                  NORMAL
..................................................................
TEMPERATURE (F)
 YESTERDAY
  MAXIMUM         70    344 PM  88    1964  69      1       72
  MINIMUM         53    540 AM  31    1967  51      2       53
  AVERAGE         62                        60      2       63

PRECIPITATION (IN)
  YESTERDAY        0.00                      0.11  -0.11     0.00
  MONTH TO DATE    4.83                      2.52   2.31     3.63
  SINCE MAR 1     13.09                      8.80   4.29    11.10
  SINCE JAN 1     19.51                     14.14   5.37    18.52

SNOWFALL (IN)
  YESTERDAY        0.0                       0.0    0.0      0.0
  MONTH TO DATE    0.0                       0.0    0.0      0.0
  SINCE MAR 1     42.0                      16.9   25.1     10.3
  SINCE JUL 1    198.5                     100.9   97.6     78.6
  SNOW DEPTH       0

DEGREE DAYS
 HEATING
  YESTERDAY        3                         7     -4        2
  MONTH TO DATE  103                       223   -120      254
  SINCE MAR 1   1826                      1677    149     1530
  SINCE JUL 1   6004                      6042    -38     5034

 COOLING
  YESTERDAY        0                         1     -1        0
  MONTH TO DATE   21                        18      3       29
  SINCE MAR 1     21                        25     -4       38
  SINCE JAN 1     23                        25     -2       38
..................................................................


WIND (MPH)
  HIGHEST WIND SPEED    15   HIGHEST WIND DIRECTION     W (260)
  HIGHEST GUST SPEED    20   HIGHEST GUST DIRECTION     W (250)
  AVERAGE WIND SPEED     6.9


SKY COVER
  POSSIBLE SUNSHINE  MM
  AVERAGE SKY COVER 0.5


WEATHER CONDITIONS
 THE FOLLOWING WEATHER WAS RECORDED YESTERDAY.
  FOG
  FOG W/VISIBILITY <= 1/4 MILE


RELATIVE HUMIDITY (PERCENT)
 HIGHEST    93           300 AM
 LOWEST     61           400 PM
 AVERAGE    77

..........................................................


THE ERIE PA CLIMATE NORMALS FOR TODAY
                         NORMAL    RECORD    YEAR
 MAXIMUM TEMPERATURE (F)   69        85      2012
                                             1991
                                             1964
 MINIMUM TEMPERATURE (F)   51        31      1963


SUNRISE AND SUNSET
MAY 24 2018...........SUNRISE   552 AM EDT   SUNSET   843 PM EDT
MAY 25 2018...........SUNRISE   552 AM EDT   SUNSET   844 PM EDT


-  INDICATES NEGATIVE NUMBERS.
R  INDICATES RECORD WAS SET OR TIED.
MM INDICATES DATA IS MISSING.
T  INDICATES TRACE AMOUNT.




$$
