000
CDUS41 KOKX 210627
CLIEWR


CLIMATE REPORT
NATIONAL WEATHER SERVICE NEW YORK NY
227 AM EDT SAT APR 21 2018


...................................

...THE NEWARK NJ CLIMATE SUMMARY FOR APRIL 20 2018...

CLIMATE NORMAL PERIOD 1981 TO 2010
CLIMATE RECORD PERIOD 1929 TO 2018


WEATHER ITEM   OBSERVED TIME   RECORD YEAR NORMAL DEPARTURE LAST
                VALUE   (LST)  VALUE       VALUE  FROM      YEAR
                                                  NORMAL
..................................................................
TEMPERATURE (F)
 YESTERDAY
  MAXIMUM         53    347 PM  91    1941  64    -11       67
  MINIMUM         37    533 AM  34    1953  45     -8       51
  AVERAGE         45                        54     -9       59

PRECIPITATION (IN)
  YESTERDAY        0.00          2.10 2009   0.13  -0.13     0.05
  MONTH TO DATE    4.47                      2.87   1.60     2.17
  SINCE MAR 1      8.95                      7.05   1.90     7.24
  SINCE JAN 1     16.75                     13.47   3.28    13.98

SNOWFALL (IN)
  YESTERDAY        0.0           0.0  2002   0.0    0.0      0.0
                                      2001
  MONTH TO DATE    5.0                       0.8    4.2      0.0
  SINCE OCT 1     39.4                      28.4   11.0     30.0
  SINCE JUL 1     39.4                      28.4   11.0     30.0
  SNOW DEPTH       0

DEGREE DAYS
 HEATING
  YESTERDAY       20                        11      9        6
  MONTH TO DATE  367                       284     83      194
  SINCE MAR 1   1125                       993    132      966
  SINCE JUL 1   4450                      4628   -178     3975

 COOLING
  YESTERDAY        0                         0      0        0
  MONTH TO DATE    6                         0      6       19
  SINCE MAR 1      6                         1      5       19
  SINCE JAN 1      9                         1      8       19
..................................................................


WIND (MPH)
  HIGHEST WIND SPEED    26   HIGHEST WIND DIRECTION    NW (320)
  HIGHEST GUST SPEED    36   HIGHEST GUST DIRECTION    NW (320)
  AVERAGE WIND SPEED    16.8


SKY COVER
  AVERAGE SKY COVER 0.3


WEATHER CONDITIONS
 THE FOLLOWING WEATHER WAS RECORDED YESTERDAY.
  NO SIGNIFICANT WEATHER WAS OBSERVED.


RELATIVE HUMIDITY (PERCENT)
 HIGHEST    59          1200 AM
 LOWEST     32          1200 PM
 AVERAGE    46

..........................................................


THE NEWARK NJ CLIMATE NORMALS FOR TODAY
                         NORMAL    RECORD    YEAR
 MAXIMUM TEMPERATURE (F)   64        88      1957
 MINIMUM TEMPERATURE (F)   46        31      1981


SUNRISE AND SUNSET
APRIL 21 2018.........SUNRISE   609 AM EDT   SUNSET   742 PM EDT
APRIL 22 2018.........SUNRISE   608 AM EDT   SUNSET   743 PM EDT


-  INDICATES NEGATIVE NUMBERS.
R  INDICATES RECORD WAS SET OR TIED.
MM INDICATES DATA IS MISSING.
T  INDICATES TRACE AMOUNT.




$$
