000
CDUS43 KIND 270531
CLIEYE


CLIMATE REPORT
NATIONAL WEATHER SERVICE INDIANAPOLIS IN
131 AM EDT SUN MAY 27 2018


...................................

...THE INDIANAPOLIS EAGLE CREEK IN CLIMATE SUMMARY FOR MAY 26 2018...

CLIMATE NORMAL PERIOD 1981 TO 2010
CLIMATE RECORD PERIOD 9999 TO 9999


WEATHER ITEM   OBSERVED TIME   NORMAL DEPARTURE LAST
                VALUE   (LST)  VALUE  FROM      YEAR
                                      NORMAL
......................................................
TEMPERATURE (F)
 YESTERDAY
  MAXIMUM         88    403 PM  76     12       78
  MINIMUM         70    632 AM  57     13       51
  AVERAGE         79            66     13       65

PRECIPITATION (IN)
  YESTERDAY        T             0.12  -0.12     0.75
  MONTH TO DATE    1.95          4.63  -2.68     6.87
  SINCE MAR 1      9.27         11.83  -2.56    16.41
  SINCE JAN 1     15.28         16.17  -0.89    21.57

DEGREE DAYS
 HEATING
  YESTERDAY        0             3     -3        0
  MONTH TO DATE    7           129   -122      138
  SINCE MAR 1   1339          1199    140      982
  SINCE JUL 1   5223          5324   -101     4242

 COOLING
  YESTERDAY       14             4     10        0
  MONTH TO DATE  161            50    111       51
  SINCE MAR 1    168            65    103       84
  SINCE JAN 1    174            65    109       84
......................................................


WIND (MPH)
  HIGHEST WIND SPEED    13   HIGHEST WIND DIRECTION    SE (120)
  HIGHEST GUST SPEED    18   HIGHEST GUST DIRECTION    NE (60)
  AVERAGE WIND SPEED     4.9


SKY COVER
  AVERAGE SKY COVER 0.3


WEATHER CONDITIONS
 THE FOLLOWING WEATHER WAS RECORDED YESTERDAY.
  THUNDERSTORM
  LIGHT RAIN


RELATIVE HUMIDITY (PERCENT)
 HIGHEST    84           600 AM
 LOWEST     46           400 PM
 AVERAGE    65

..........................................................


THE INDIANAPOLIS EAGLE CREEK IN CLIMATE NORMALS FOR TODAY
                         NORMAL
 MAXIMUM TEMPERATURE (F)   76
 MINIMUM TEMPERATURE (F)   57


SUNRISE AND SUNSET
MAY 27 2018...........SUNRISE   621 AM EDT   SUNSET   904 PM EDT
MAY 28 2018...........SUNRISE   621 AM EDT   SUNSET   905 PM EDT


-  INDICATES NEGATIVE NUMBERS.
R  INDICATES RECORD WAS SET OR TIED.
MM INDICATES DATA IS MISSING.
T  INDICATES TRACE AMOUNT.




$$
