000
CDUS42 KKEY 270529
CLIEYW


CLIMATE REPORT
NATIONAL WEATHER SERVICE KEY WEST, FL
128 AM EDT FRI APR 27 2018


...................................

...THE KEY WEST CLIMATE SUMMARY FOR APRIL 26 2018...

CLIMATE NORMAL PERIOD 1981 TO 2010
CLIMATE RECORD PERIOD 1871 TO 2018


WEATHER ITEM   OBSERVED TIME   RECORD YEAR NORMAL DEPARTURE LAST
                VALUE   (LST)  VALUE       VALUE  FROM      YEAR
                                                  NORMAL
..................................................................
TEMPERATURE (F)
 YESTERDAY
  MAXIMUM         83    201 PM  90    2015  83      0       83
                                      1991
                                      1955
  MINIMUM         72    620 AM  64    1983  73     -1       71
                                      1937
                                      1888
  AVERAGE         78                        78      0       77

PRECIPITATION (IN)
  YESTERDAY        0.00          2.79 1948   0.06  -0.06     0.00
  MONTH TO DATE    0.17                      1.84  -1.67     3.88
  SINCE MAR 1      2.29                      3.89  -1.60     4.81
  SINCE JAN 1      3.53                      7.42  -3.89     7.86

SNOWFALL (IN)
  YESTERDAY        0.0
  MONTH TO DATE    0.0
  SINCE MAR 1      0.0
  SINCE JUL 1      0.0
  SNOW DEPTH       0

DEGREE DAYS
 HEATING
  YESTERDAY        0                         0      0        0
  MONTH TO DATE    0                         0      0        0
  SINCE MAR 1      2                         7     -5        0
  SINCE JUL 1     44                        73    -29        5

 COOLING
  YESTERDAY       13                        13      0       12
  MONTH TO DATE  351                       291     60      320
  SINCE MAR 1    583                       553     30      626
  SINCE JAN 1   1036                       901    135     1166
..................................................................


WIND (MPH)
  HIGHEST WIND SPEED    15   HIGHEST WIND DIRECTION     S (180)
  HIGHEST GUST SPEED    18   HIGHEST GUST DIRECTION     S (160)
  AVERAGE WIND SPEED     7.3


SKY COVER
  POSSIBLE SUNSHINE  MM
  AVERAGE SKY COVER 0.3


WEATHER CONDITIONS
 THE FOLLOWING WEATHER WAS RECORDED YESTERDAY.
  NO SIGNIFICANT WEATHER WAS OBSERVED.


RELATIVE HUMIDITY (PERCENT)
 HIGHEST    85
 LOWEST     62
 AVERAGE    74

..........................................................


THE KEY WEST CLIMATE NORMALS FOR TODAY
                         NORMAL    RECORD    YEAR
 MAXIMUM TEMPERATURE (F)   83        91      1881
 MINIMUM TEMPERATURE (F)   73        63      1937


SUNRISE AND SUNSET
APRIL 27 2018.........SUNRISE   655 AM EDT   SUNSET   755 PM EDT
APRIL 28 2018.........SUNRISE   654 AM EDT   SUNSET   755 PM EDT


-  INDICATES NEGATIVE NUMBERS.
R  INDICATES RECORD WAS SET OR TIED.
MM INDICATES DATA IS MISSING.
T  INDICATES TRACE AMOUNT.




$$
