000
CDUS43 KFGF 232352
CLIFAR


CLIMATE REPORT
NATIONAL WEATHER SERVICE EASTERN NORTH DAKOTA/GRAND FORKS
651 PM CDT MON APR 23 2018


...................................

...THE FARGO HECTOR INTL AP ND CLIMATE SUMMARY FOR APRIL 23 2018...
VALID TODAY AS OF 0500 PM LOCAL TIME.

CLIMATE NORMAL PERIOD 1981 TO 2010
CLIMATE RECORD PERIOD 1881 TO 2018


WEATHER ITEM   OBSERVED TIME   RECORD YEAR NORMAL DEPARTURE LAST
                VALUE   (LST)  VALUE       VALUE  FROM      YEAR
                                                  NORMAL
..................................................................
TEMPERATURE (F)
 TODAY
  MAXIMUM         67    359 PM  91    1990  61      6       45
  MINIMUM         41    656 AM  14    1918  36      5       33
  AVERAGE         54                        48      6       39

PRECIPITATION (IN)
  TODAY            0.00          1.61 1960   0.05  -0.05     0.06
  MONTH TO DATE    0.33                      0.94  -0.61     1.01
  SINCE MAR 1      2.26                      2.24   0.02     1.34
  SINCE JAN 1      3.30                      3.55  -0.25     3.11

SNOWFALL (IN)
  TODAY            0.0           4.3  2001   0.0    0.0       T
  MONTH TO DATE    3.8                       2.5    1.3       T
  SINCE MAR 1     22.8                      11.6   11.2      1.6
  SINCE JUL 1     50.0                      49.6    0.4     30.9
  SNOW DEPTH       0

DEGREE DAYS
 HEATING
  TODAY           11                        17     -6       26
  MONTH TO DATE  802                       520    282      398
  SINCE MAR 1   1999                      1672    327     1488
  SINCE JUL 1   8646                      8350    296     6986

 COOLING
  TODAY            0                         0      0        0
  MONTH TO DATE    0                         0      0        0
  SINCE MAR 1      0                         0      0        0
  SINCE JAN 1      0                         0      0        0
..................................................................


WIND (MPH)
  HIGHEST WIND SPEED    16   HIGHEST WIND DIRECTION     N (350)
  HIGHEST GUST SPEED    23   HIGHEST GUST DIRECTION     N (350)
  AVERAGE WIND SPEED     9.5


SKY COVER
  POSSIBLE SUNSHINE  MM
  AVERAGE SKY COVER 0.3


WEATHER CONDITIONS
 THE FOLLOWING WEATHER WAS RECORDED TODAY.
  NO SIGNIFICANT WEATHER WAS OBSERVED.


RELATIVE HUMIDITY (PERCENT)
 HIGHEST    82           300 AM
 LOWEST     37           300 PM
 AVERAGE    60

..........................................................


THE FARGO HECTOR INTL AP ND CLIMATE NORMALS FOR TOMORROW
                         NORMAL    RECORD    YEAR
 MAXIMUM TEMPERATURE (F)   61        87      1990
                                             1962
 MINIMUM TEMPERATURE (F)   36        19      1909


SUNRISE AND SUNSET
APRIL 23 2018.........SUNRISE   625 AM CDT   SUNSET   827 PM CDT
APRIL 24 2018.........SUNRISE   623 AM CDT   SUNSET   828 PM CDT


-  INDICATES NEGATIVE NUMBERS.
R  INDICATES RECORD WAS SET OR TIED.
MM INDICATES DATA IS MISSING.
T  INDICATES TRACE AMOUNT.




$$
