099
CDUS43 KFGF 220635
CLIFGF


CLIMATE REPORT
NATIONAL WEATHER SERVICE EASTERN NORTH DAKOTA/GRAND FORKS
134 AM CDT SUN APR 22 2018


...................................

...THE GRAND FORKS UNIV. (NWS) ND CLIMATE SUMMARY FOR APRIL 21 2018...

CLIMATE NORMAL PERIOD 1981 TO 2010
CLIMATE RECORD PERIOD 1893 TO 2018


WEATHER ITEM   OBSERVED TIME   RECORD YEAR NORMAL DEPARTURE LAST
                VALUE   (LST)  VALUE       VALUE  FROM      YEAR
                                                  NORMAL
..................................................................
TEMPERATURE (F)
 YESTERDAY
  MAXIMUM         60        MM  98    1980  58      2       63
  MINIMUM         34        MM  16    1945  34      0       33
  AVERAGE         47                        46      1       48

PRECIPITATION (IN)
  YESTERDAY        0.00          2.10 1974   0.03  -0.03     0.00
  MONTH TO DATE    0.18                      0.60  -0.42     0.68
  SINCE MAR 1      1.60                      1.62  -0.02     1.52
  SINCE JAN 1      2.73                      2.92  -0.19     2.62

SNOWFALL (IN)
  YESTERDAY        0.0           1.2  1970   0.1   -0.1      0.0
  MONTH TO DATE    1.6                       0.9    0.7      0.0
  SINCE MAR 1     18.4                       7.3   11.1      0.1
  SINCE JUL 1     57.0                      42.6   14.4     43.0
  SNOW DEPTH       0

DEGREE DAYS
 HEATING
  YESTERDAY       18                        19     -1       17
  MONTH TO DATE  760                       511    249      412
  SINCE MAR 1   1986                      1717    269     1593
  SINCE JUL 1   8966                      8677    289     7541

 COOLING
  YESTERDAY        0                         0      0        0
  MONTH TO DATE    0                         0      0        0
  SINCE MAR 1      0                         0      0        0
  SINCE JAN 1      0                         0      0        0
..................................................................


WIND (MPH)
  RESULTANT WIND SPEED  MM   RESULTANT WIND DIRECTION  MM
  HIGHEST WIND SPEED    MM   HIGHEST WIND DIRECTION    MM
  HIGHEST GUST SPEED    MM   HIGHEST GUST DIRECTION    MM
  AVERAGE WIND SPEED    MM


SKY COVER
  POSSIBLE SUNSHINE  MM
  AVERAGE SKY COVER  MM


WEATHER CONDITIONS
 THE FOLLOWING WEATHER WAS RECORDED YESTERDAY.
  NO SIGNIFICANT WEATHER WAS OBSERVED.


RELATIVE HUMIDITY (PERCENT)
 HIGHEST    MM
 LOWEST     MM
 AVERAGE    MM

..........................................................


THE GRAND FORKS UNIV. (NWS) ND CLIMATE NORMALS FOR TODAY
                         NORMAL    RECORD    YEAR
 MAXIMUM TEMPERATURE (F)   59        89      1980
 MINIMUM TEMPERATURE (F)   34        16      1909


SUNRISE AND SUNSET
APRIL 22 2018.........SUNRISE   626 AM CDT   SUNSET   829 PM CDT
APRIL 23 2018.........SUNRISE   624 AM CDT   SUNSET   830 PM CDT


-  INDICATES NEGATIVE NUMBERS.
R  INDICATES RECORD WAS SET OR TIED.
MM INDICATES DATA IS MISSING.
T  INDICATES TRACE AMOUNT.




$$
