000
CDUS42 KILM 260845
CLIFLO


CLIMATE REPORT
NATIONAL WEATHER SERVICE WILMINGTON NC
445 AM EDT SAT MAY 26 2018


...................................

...THE FLORENCE SOUTH  CAROLINA CLIMATE SUMMARY FOR MAY 25 2018...

CLIMATE NORMAL PERIOD 1981 TO 2010
CLIMATE RECORD PERIOD 1948 TO 2018


WEATHER ITEM   OBSERVED TIME   RECORD YEAR NORMAL DEPARTURE LAST
                VALUE   (LST)  VALUE       VALUE  FROM      YEAR
                                                  NORMAL
..................................................................
TEMPERATURE (F)
 YESTERDAY
  MAXIMUM         86    134 PM 100    1953  85      1       74
  MINIMUM         71   1159 PM  44    2013  62      9       63
  AVERAGE         79                        73      6       69

PRECIPITATION (IN)
  YESTERDAY        0.17          1.94 2000   0.13   0.04     0.16
  MONTH TO DATE    2.80                      2.50   0.30     3.02
  SINCE MAR 1     11.60                      8.45   3.15     9.17
  SINCE JAN 1     14.64                     14.60   0.04    14.04

DEGREE DAYS
 HEATING
  YESTERDAY        0                         0      0        0
  MONTH TO DATE    0                        22    -22       11
  SINCE MAR 1    532                       456     76      391
  SINCE JUL 1   2426                      2522    -96     1836

 COOLING
  YESTERDAY       14                         9      5        4
  MONTH TO DATE  257                       153    104      170
  SINCE MAR 1    318                       243     75      348
  SINCE JAN 1    370                       249    121      361
..................................................................


WIND (MPH)
  RESULTANT WIND SPEED   4   RESULTANT WIND DIRECTION  SE (140)
  HIGHEST WIND SPEED    22   HIGHEST WIND DIRECTION     S (200)
  HIGHEST GUST SPEED    28   HIGHEST GUST DIRECTION     S (190)
  AVERAGE WIND SPEED     5.3


SKY COVER
  POSSIBLE SUNSHINE  MM
  AVERAGE SKY COVER 0.7


WEATHER CONDITIONS
 THE FOLLOWING WEATHER WAS RECORDED YESTERDAY.
  HEAVY RAIN
  LIGHT RAIN
  FOG


RELATIVE HUMIDITY (PERCENT)
 HIGHEST   100           200 AM
 LOWEST     55           100 PM
 AVERAGE    78

..........................................................


THE FLORENCE SOUTH  CAROLINA CLIMATE NORMALS FOR TODAY
                         NORMAL    RECORD    YEAR
 MAXIMUM TEMPERATURE (F)   85       102      1953
 MINIMUM TEMPERATURE (F)   63        46      1979


SUNRISE AND SUNSET
MAY 26 2018...........SUNRISE   610 AM EDT   SUNSET   822 PM EDT
MAY 27 2018...........SUNRISE   610 AM EDT   SUNSET   822 PM EDT


-  INDICATES NEGATIVE NUMBERS.
R  INDICATES RECORD WAS SET OR TIED.
MM INDICATES DATA IS MISSING.
T  INDICATES TRACE AMOUNT.




$$
