000
CDUS43 KDTX 190537
CLIFNT


CLIMATE REPORT
NATIONAL WEATHER SERVICE DETROIT/PONTIAC MI
137 AM EDT THU APR 19 2018


...................................

...THE FLINT MI CLIMATE SUMMARY FOR APRIL 18 2018...

CLIMATE NORMAL PERIOD 1981 TO 2010
CLIMATE RECORD PERIOD 1921 TO 2018


WEATHER ITEM   OBSERVED TIME   RECORD YEAR NORMAL DEPARTURE LAST
                VALUE   (LST)  VALUE       VALUE  FROM      YEAR
                                                  NORMAL
..................................................................
TEMPERATURE (F)
 YESTERDAY
  MAXIMUM         41    357 PM  87    2004  59    -18       66
  MINIMUM         30    558 AM  22    1990  36     -6       33
                                      1921
  AVERAGE         36                        48    -12       50

PRECIPITATION (IN)
  YESTERDAY        0.09          2.69 1975   0.10  -0.01     0.00
  MONTH TO DATE    3.06                      1.75   1.31     3.00
  SINCE MAR 1      4.17                      3.66   0.51     6.21
  SINCE JAN 1     10.05                      6.77   3.28    11.76

SNOWFALL (IN)
  YESTERDAY        0.4           1.6  2011   0.1    0.3      0.0
  MONTH TO DATE    7.9                       1.9    6.0      1.5
  SINCE MAR 1     19.6                       8.4   11.2      6.9
  SINCE JUL 1     85.3                      47.0   38.3     39.4
  SNOW DEPTH       0

DEGREE DAYS
 HEATING
  YESTERDAY       29                        18     11       15
  MONTH TO DATE  547                       377    170      271
  SINCE MAR 1   1578                      1334    244     1229
  SINCE JUL 1   6528                      6422    106     5378

 COOLING
  YESTERDAY        0                         0      0        0
  MONTH TO DATE    0                         0      0        1
  SINCE MAR 1      0                         0      0        1
  SINCE JAN 1      0                         0      0        1
..................................................................


WIND (MPH)
  HIGHEST WIND SPEED    20   HIGHEST WIND DIRECTION    NE (50)
  HIGHEST GUST SPEED    24   HIGHEST GUST DIRECTION    NE (40)
  AVERAGE WIND SPEED     6.9


SKY COVER
  POSSIBLE SUNSHINE  MM
  AVERAGE SKY COVER 1.0


WEATHER CONDITIONS
 THE FOLLOWING WEATHER WAS RECORDED YESTERDAY.
  LIGHT RAIN
  LIGHT SNOW
  FOG


RELATIVE HUMIDITY (PERCENT)
 HIGHEST    89           800 PM
 LOWEST     59           200 PM
 AVERAGE    74

..........................................................


THE FLINT MI CLIMATE NORMALS FOR TODAY
                         NORMAL    RECORD    YEAR
 MAXIMUM TEMPERATURE (F)   59        83      2005
 MINIMUM TEMPERATURE (F)   37        22      1926


SUNRISE AND SUNSET
APRIL 19 2018.........SUNRISE   647 AM EDT   SUNSET   822 PM EDT
APRIL 20 2018.........SUNRISE   645 AM EDT   SUNSET   823 PM EDT


-  INDICATES NEGATIVE NUMBERS.
R  INDICATES RECORD WAS SET OR TIED.
MM INDICATES DATA IS MISSING.
T  INDICATES TRACE AMOUNT.




$$
