000
CDUS41 KALY 200623
CLIGFL


CLIMATE REPORT
NATIONAL WEATHER SERVICE ALBANY NY
222 AM EDT SUN MAY 20 2018


...................................

...THE GLENS FALLS NY CLIMATE SUMMARY FOR MAY 19 2018...

CLIMATE NORMAL PERIOD 1981 TO 2010
CLIMATE RECORD PERIOD 1949 TO 2018


WEATHER ITEM   OBSERVED TIME   RECORD YEAR NORMAL DEPARTURE LAST
                VALUE   (LST)  VALUE       VALUE  FROM      YEAR
                                                  NORMAL
..................................................................
TEMPERATURE (F)
 YESTERDAY
  MAXIMUM         57   1007 AM  88    1989  69    -12       78
  MINIMUM         40    453 AM  28    2002  44     -4       51
  AVERAGE         49                        56     -7       65

PRECIPITATION (IN)
  YESTERDAY        0.42          1.52 1966   0.12   0.30     0.01
  MONTH TO DATE    0.74                      2.20  -1.46     3.44
  SINCE MAR 1      6.17                      8.14  -1.97     9.28
  SINCE JAN 1     10.93                     13.08  -2.15    13.97

DEGREE DAYS
 HEATING
  YESTERDAY       16                         9      7        0
  MONTH TO DATE  141                       223    -82      206
  SINCE MAR 1   1938                      1879     59     1718
  SINCE JUL 1   7238                      7499   -261     6240

 COOLING
  YESTERDAY        0                         0      0        0
  MONTH TO DATE    9                         0      9       15
  SINCE MAR 1      9                         1      8       21
  SINCE JAN 1      9                         1      8       21
..................................................................


WIND (MPH)
  HIGHEST WIND SPEED    15   HIGHEST WIND DIRECTION     S (200)
  HIGHEST GUST SPEED    20   HIGHEST GUST DIRECTION    SW (210)
  AVERAGE WIND SPEED     3.5


SKY COVER
  AVERAGE SKY COVER 0.6



RELATIVE HUMIDITY (PERCENT)
 HIGHEST   100           500 AM
 LOWEST     43          1000 AM
 AVERAGE    72

..........................................................


THE GLENS FALLS NY CLIMATE NORMALS FOR TODAY
                         NORMAL    RECORD    YEAR
 MAXIMUM TEMPERATURE (F)   69        90      1975
 MINIMUM TEMPERATURE (F)   44        27      2002


SUNRISE AND SUNSET
MAY 20 2018...........SUNRISE   525 AM EDT   SUNSET   817 PM EDT
MAY 21 2018...........SUNRISE   525 AM EDT   SUNSET   818 PM EDT


-  INDICATES NEGATIVE NUMBERS.
R  INDICATES RECORD WAS SET OR TIED.
MM INDICATES DATA IS MISSING.
T  INDICATES TRACE AMOUNT.




$$
