000
CDUS43 KGLD 230747
CLIGLD

CLIMATE REPORT
NATIONAL WEATHER SERVICE GOODLAND
145 AM MDT MON APR 23 2018

...................................

...THE GOODLAND KS CLIMATE SUMMARY FOR APRIL 22 2018...

CLIMATE NORMAL PERIOD 1981 TO 2010
CLIMATE RECORD PERIOD 1895 TO 2018

WEATHER ITEM   OBSERVED TIME   RECORD YEAR NORMAL DEPARTURE LAST
                VALUE   (LST)  VALUE       VALUE  FROM      YEAR
                                                  NORMAL
..................................................................
TEMPERATURE (F)
 YESTERDAY
  MAXIMUM         57    329 PM  96    1989  66     -9       58
  MINIMUM         32    545 AM  22    1982  37     -5       34
  AVERAGE         45                        51     -6       46

PRECIPITATION (IN)
  YESTERDAY        0.00          1.23 1944   0.07  -0.07     0.00
  MONTH TO DATE    0.87                      1.09  -0.22     1.15
  SINCE MAR 1      1.28                      2.16  -0.88     2.83
  SINCE JAN 1      2.57                      3.03  -0.46     3.76

SNOWFALL (IN)
  YESTERDAY        0.0                       0.1   -0.1      0.0
  MONTH TO DATE    3.8                       3.6    0.2      0.0
  SINCE MAR 1      4.7                      10.4   -5.7       T
  SINCE JUL 1     25.2                      34.4   -9.2      9.4
  SNOW DEPTH       0

DEGREE DAYS
 HEATING
  YESTERDAY       20                        14      6       19
  MONTH TO DATE  474                       379     95      265
  SINCE MAR 1   1169                      1137     32      860
  SINCE JUL 1   5414                      5554   -140     4745

 COOLING
  YESTERDAY        0                         0      0        0
  MONTH TO DATE    0                         0      0        7
  SINCE MAR 1      0                         0      0        7
  SINCE JAN 1      0                         0      0        7
..................................................................

WIND (MPH)
  HIGHEST WIND SPEED    12   HIGHEST WIND DIRECTION     E (90)
  HIGHEST GUST SPEED    16   HIGHEST GUST DIRECTION     E (80)
  AVERAGE WIND SPEED     4.0


SKY COVER
  AVERAGE SKY COVER 0.6


WEATHER CONDITIONS
 THE FOLLOWING WEATHER WAS RECORDED YESTERDAY.
  FOG
  FOG W/VISIBILITY <= 1/4 MILE


RELATIVE HUMIDITY (PERCENT)
 HIGHEST   100
 LOWEST     47
 AVERAGE    74

..........................................................


THE GOODLAND KS CLIMATE NORMALS FOR TODAY
                         NORMAL    RECORD    YEAR
 MAXIMUM TEMPERATURE (F)   66        90      1989
                                             1939
 MINIMUM TEMPERATURE (F)   37        21      2013


SUNRISE AND SUNSET
APRIL 23 2018.........SUNRISE   558 AM MDT   SUNSET   732 PM MDT
APRIL 24 2018.........SUNRISE   557 AM MDT   SUNSET   733 PM MDT


-  INDICATES NEGATIVE NUMBERS.
R  INDICATES RECORD WAS SET OR TIED.
MM INDICATES DATA IS MISSING.
T  INDICATES TRACE AMOUNT.

&&

THE AVERAGE SOIL TEMPERATURE AT THE FOUR INCH DEPTH... 43

$$
