000
CDUS42 KJAX 200529
CLIGNV


CLIMATE REPORT
NATIONAL WEATHER SERVICE JACKSONVILLE FL
128 AM EDT FRI APR 20 2018


...................................

...THE GAINESVILLE CLIMATE SUMMARY FOR APRIL 19 2018...

CLIMATE NORMAL PERIOD 1981 TO 2010
CLIMATE RECORD PERIOD 1890 TO 2018


WEATHER ITEM   OBSERVED TIME   RECORD YEAR NORMAL DEPARTURE LAST
                VALUE   (LST)  VALUE       VALUE  FROM      YEAR
                                                  NORMAL
..................................................................
TEMPERATURE (F)
 YESTERDAY
  MAXIMUM         85    242 PM  94    2011  81      4       86
  MINIMUM         57    429 AM  34    2001  55      2       59
  AVERAGE         71                        68      3       73

PRECIPITATION (IN)
  YESTERDAY        0.00          4.70 1900   0.09  -0.09     0.00
  MONTH TO DATE    6.97                      1.81   5.16     2.74
  SINCE MAR 1      9.38                      6.14   3.24     3.41
  SINCE JAN 1     15.28                     12.65   2.63     5.25

SNOWFALL (IN)
  YESTERDAY        0.0           0.0    MM   0.0    0.0      0.0
  MONTH TO DATE    0.0                       0.0    0.0      0.0
  SINCE MAR 1      0.0                       0.0    0.0      0.0
  SINCE JUL 1      0.0                       0.0    0.0      0.0
  SNOW DEPTH       0

DEGREE DAYS
 HEATING
  YESTERDAY        0                         1     -1        0
  MONTH TO DATE   17                        34    -17       18
  SINCE MAR 1    201                       171     30      143
  SINCE JUL 1   1104                      1205   -101      646

 COOLING
  YESTERDAY        6                         4      2        8
  MONTH TO DATE   76                        63     13       84
  SINCE MAR 1    127                       117     10      157
  SINCE JAN 1    255                       149    106      241
..................................................................


WIND (MPH)
  HIGHEST WIND SPEED    22   HIGHEST WIND DIRECTION     W (250)
  HIGHEST GUST SPEED    29   HIGHEST GUST DIRECTION     W (260)
  AVERAGE WIND SPEED    10.1


SKY COVER
  POSSIBLE SUNSHINE  MM
  AVERAGE SKY COVER 0.2


WEATHER CONDITIONS
 THE FOLLOWING WEATHER WAS RECORDED YESTERDAY.
  FOG
  FOG W/VISIBILITY <= 1/4 MILE


RELATIVE HUMIDITY (PERCENT)
 HIGHEST   100           600 AM
 LOWEST     40           300 PM
 AVERAGE    70

..........................................................


THE GAINESVILLE CLIMATE NORMALS FOR TODAY
                         NORMAL    RECORD    YEAR
 MAXIMUM TEMPERATURE (F)   81        94      1892
 MINIMUM TEMPERATURE (F)   56        41      1936


SUNRISE AND SUNSET
APRIL 20 2018.........SUNRISE   657 AM EDT   SUNSET   759 PM EDT
APRIL 21 2018.........SUNRISE   656 AM EDT   SUNSET   800 PM EDT


-  INDICATES NEGATIVE NUMBERS.
R  INDICATES RECORD WAS SET OR TIED.
MM INDICATES DATA IS MISSING.
T  INDICATES TRACE AMOUNT.




$$
