000
CDUS43 KGID 270633
CLIGRI


CLIMATE REPORT
NATIONAL WEATHER SERVICE HASTINGS NE
132 AM CDT SUN MAY 27 2018


...................................

...THE GRAND ISLAND NE CLIMATE SUMMARY FOR MAY 26 2018...

CLIMATE NORMAL PERIOD 1981 TO 2010
CLIMATE RECORD PERIOD 1895 TO 2018


WEATHER ITEM   OBSERVED TIME   RECORD YEAR NORMAL DEPARTURE LAST
                VALUE   (LST)  VALUE       VALUE  FROM      YEAR
                                                  NORMAL
..................................................................
TEMPERATURE (F)
 YESTERDAY
  MAXIMUM        100R   250 PM 100    2012  76     24       78
  MINIMUM         63    526 AM  34    1901  53     10       57
  AVERAGE         82                        64     18       68

PRECIPITATION (IN)
  YESTERDAY        0.00          2.56 1996   0.15  -0.15      T
  MONTH TO DATE    3.49                      3.66  -0.17     5.19
  SINCE MAR 1      6.01                      7.99  -1.98     8.64
  SINCE JAN 1      7.84                      9.20  -1.36     9.96

SNOWFALL (IN)
  YESTERDAY        0.0           T    1953   0.0    0.0      0.0
  MONTH TO DATE    0.0                       0.1   -0.1      0.3
  SINCE MAR 1      4.5                       7.0   -2.5      1.5
  SINCE JUL 1     33.6                      29.1    4.5      9.2
  SNOW DEPTH       0

DEGREE DAYS
 HEATING
  YESTERDAY        0                         3     -3        0
  MONTH TO DATE   81                       159    -78      175
  SINCE MAR 1   1502                      1400    102     1285
  SINCE JUL 1   6277                      6161    116     5351

 COOLING
  YESTERDAY       17                         3     14        3
  MONTH TO DATE   97                        39     58       43
  SINCE MAR 1    105                        50     55       48
  SINCE JAN 1    105                        50     55       48
..................................................................


WIND (MPH)
  HIGHEST WIND SPEED    20   HIGHEST WIND DIRECTION    SW (210)
  HIGHEST GUST SPEED    28   HIGHEST GUST DIRECTION    SW (210)
  AVERAGE WIND SPEED     6.5


SKY COVER
  AVERAGE SKY COVER 0.0


WEATHER CONDITIONS
 THE FOLLOWING WEATHER WAS RECORDED YESTERDAY.
  NO SIGNIFICANT WEATHER WAS OBSERVED.


RELATIVE HUMIDITY (PERCENT)
 HIGHEST    87           300 AM
 LOWEST     24           300 PM
 AVERAGE    56

..........................................................


THE GRAND ISLAND NE CLIMATE NORMALS FOR TODAY
                         NORMAL    RECORD    YEAR
 MAXIMUM TEMPERATURE (F)   76        97      1912
 MINIMUM TEMPERATURE (F)   53        37      1918
                                             1906


SUNRISE AND SUNSET
MAY 27 2018...........SUNRISE   606 AM CDT   SUNSET   855 PM CDT
MAY 28 2018...........SUNRISE   606 AM CDT   SUNSET   856 PM CDT


-  INDICATES NEGATIVE NUMBERS.
R  INDICATES RECORD WAS SET OR TIED.
MM INDICATES DATA IS MISSING.
T  INDICATES TRACE AMOUNT.




$$

Thies
