000
CDUS44 KAMA 262132
CLIGUY


CLIMATE REPORT
NATIONAL WEATHER SERVICE AMARILLO TX
431 PM CDT THU APR 26 2018


...................................

...THE GUYMON CLIMATE SUMMARY FOR APRIL 26 2018...
VALID TODAY AS OF 0400 PM LOCAL TIME.

CLIMATE NORMAL PERIOD 1981 TO 2010
CLIMATE RECORD PERIOD 1998 TO 2018


WEATHER ITEM   OBSERVED TIME   RECORD YEAR NORMAL DEPARTURE LAST
                VALUE   (LST)  VALUE       VALUE  FROM      YEAR
                                                  NORMAL
..................................................................
TEMPERATURE (F)
 TODAY
  MAXIMUM         68    205 PM  MM      MM  74     -6       63
  MINIMUM         36    431 AM  MM      MM  43     -7       40
  AVERAGE         52                        58     -6       52

PRECIPITATION (IN)
  TODAY            0.00         MM      MM   0.05  -0.05     0.04
  MONTH TO DATE    1.06                      1.30  -0.24     1.96
  SINCE MAR 1      1.10                      2.73  -1.63     3.91
  SINCE JAN 1      1.12                      3.60  -2.48     5.93

SNOWFALL (IN)
  TODAY            0.0          MM      MM  MM     MM       MM
  MONTH TO DATE    T                        MM     MM        2.0
  SINCE MAR 1      T                        MM     MM        2.0
  SINCE JUL 1      T                        MM     MM        2.8
  SNOW DEPTH       0

DEGREE DAYS
 HEATING
  TODAY           13                         7      6       13
  MONTH TO DATE  384                       280    104      206
  SINCE MAR 1    832                       861    -29      620
  SINCE JUL 1   4042                      4328   -286     3523

 COOLING
  TODAY            0                         1     -1        0
  MONTH TO DATE    9                         6      3       42
  SINCE MAR 1     16                         8      8       57
  SINCE JAN 1     16                         8      8       65
..................................................................


WIND (MPH)
  RESULTANT WIND SPEED   8   RESULTANT WIND DIRECTION   N (350)
  HIGHEST WIND SPEED    41   HIGHEST WIND DIRECTION     N (10)
  HIGHEST GUST SPEED    52   HIGHEST GUST DIRECTION     N (10)
  AVERAGE WIND SPEED    16.4


SKY COVER
  AVERAGE SKY COVER 0.0


WEATHER CONDITIONS
 THE FOLLOWING WEATHER WAS RECORDED TODAY.
  NO SIGNIFICANT WEATHER WAS OBSERVED.


RELATIVE HUMIDITY (PERCENT)
 HIGHEST   100           300 AM
 LOWEST     32           200 PM
 AVERAGE    66

..........................................................


THE GUYMON CLIMATE NORMALS FOR TOMORROW
                         NORMAL    RECORD    YEAR
 MAXIMUM TEMPERATURE (F)   74        MM        MM
 MINIMUM TEMPERATURE (F)   44        MM        MM


SUNRISE AND SUNSET
APRIL 26 2018.........SUNRISE   658 AM CDT   SUNSET   830 PM CDT
APRIL 27 2018.........SUNRISE   657 AM CDT   SUNSET   831 PM CDT


-  INDICATES NEGATIVE NUMBERS.
R  INDICATES RECORD WAS SET OR TIED.
MM INDICATES DATA IS MISSING.
T  INDICATES TRACE AMOUNT.




$$
