000
CDUS41 KGYX 191140
CLIGYX


CLIMATE REPORT
NATIONAL WEATHER SERVICE GRAY ME
740 AM EDT THU APR 19 2018


...................................

...THE GRAY ME CLIMATE SUMMARY FOR APRIL 18 2018...

CLIMATE NORMAL PERIOD 1981 TO 2010
CLIMATE RECORD PERIOD 1995 TO 2018


WEATHER ITEM   OBSERVED TIME   RECORD YEAR NORMAL DEPARTURE LAST
                VALUE   (LST)  VALUE       VALUE  FROM      YEAR
                                                  NORMAL
..................................................................
TEMPERATURE (F)
 YESTERDAY
  MAXIMUM         51        MM  MM      MM  55     -4       48
  MINIMUM         30        MM  MM      MM  36     -6       33
  AVERAGE         41                        45     -4       41

PRECIPITATION (IN)
  YESTERDAY        0.00         MM      MM   0.14  -0.14     0.00
  MONTH TO DATE    3.10                      2.67   0.43     2.76
  SINCE MAR 1      5.62                      6.84  -1.22     5.58
  SINCE JAN 1     12.79                     13.68  -0.89    12.26

SNOWFALL (IN)
  YESTERDAY        0.0          MM      MM   0.1   -0.1      0.0
  MONTH TO DATE    2.4                       3.9   -1.5     11.0
  SINCE MAR 1     27.0                      23.8    3.2     34.1
  SINCE JUL 1     96.9                      82.9   14.0    123.9
  SNOW DEPTH       0

DEGREE DAYS
 HEATING
  YESTERDAY       24                        20      4       24
  MONTH TO DATE  516                       418     98      343
  SINCE MAR 1   1502                      1411     91     1506
  SINCE JUL 1   6393                      6569   -176     6200

 COOLING
  YESTERDAY        0                         0      0        0
  MONTH TO DATE    0                         0      0        2
  SINCE MAR 1      0                         0      0        2
  SINCE JAN 1      0                         0      0        2
..................................................................







THE GRAY ME CLIMATE NORMALS FOR TODAY
                         NORMAL
 MAXIMUM TEMPERATURE (F)   55
 MINIMUM TEMPERATURE (F)   36


SUNRISE AND SUNSET
APRIL 19 2018.........SUNRISE   551 AM EDT   SUNSET   730 PM EDT
APRIL 20 2018.........SUNRISE   550 AM EDT   SUNSET   731 PM EDT


-  INDICATES NEGATIVE NUMBERS.
R  INDICATES RECORD WAS SET OR TIED.
MM INDICATES DATA IS MISSING.
T  INDICATES TRACE AMOUNT.




$$
