000
CDUS44 KJAN 251057
CLIHBG


CLIMATE REPORT
NATIONAL WEATHER SERVICE JACKSON MS
551 AM CDT FRI MAY 25 2018


...................................

...THE HATTIESBURG CLIMATE SUMMARY FOR MAY 24 2018...

CLIMATE NORMAL PERIOD 1981 TO 2010
CLIMATE RECORD PERIOD 1948 TO 2018


WEATHER ITEM   OBSERVED TIME   RECORD YEAR NORMAL DEPARTURE LAST
                VALUE   (LST)  VALUE       VALUE  FROM      YEAR
                                                  NORMAL
..................................................................
TEMPERATURE (F)
 YESTERDAY
  MAXIMUM         91    422 PM  96    2005  87      4       76
                                      1956
  MINIMUM         69    527 AM  45    1951  64      5       59
  AVERAGE         80                        76      4       68

PRECIPITATION (IN)
  YESTERDAY        1.52          2.24 1955   0.17   1.35      T
  MONTH TO DATE    1.84                      3.83  -1.99     5.80
  SINCE MAR 1     12.74                     14.26  -1.52    17.82
  SINCE JAN 1     25.17                     25.39  -0.22    29.42

SNOWFALL (IN)
  YESTERDAY        0.0

DEGREE DAYS
 HEATING
  YESTERDAY        0                         0      0        0
  MONTH TO DATE    0                         5     -5       14
  SINCE MAR 1    313                       305      8      190
  SINCE JUL 1   1888                      1983    -95     1157

 COOLING
  YESTERDAY       15                        11      4        3
  MONTH TO DATE  274                       195     79      157
  SINCE MAR 1    348                       320     28      383
  SINCE JAN 1    430                       335     95      452
..................................................................


WIND (MPH)
  HIGHEST WIND SPEED    26   HIGHEST WIND DIRECTION    SE (140)
  HIGHEST GUST SPEED    32   HIGHEST GUST DIRECTION    SE (130)
  AVERAGE WIND SPEED     3.0


SKY COVER
  POSSIBLE SUNSHINE  MM
  AVERAGE SKY COVER 0.4


WEATHER CONDITIONS
 THE FOLLOWING WEATHER WAS RECORDED YESTERDAY.
  THUNDERSTORM
  HEAVY RAIN
  RAIN
  LIGHT RAIN
  FOG
  FOG W/VISIBILITY <= 1/4 MILE


RELATIVE HUMIDITY (PERCENT)
 HIGHEST   100          1200 AM
 LOWEST     44           400 PM
 AVERAGE    72

..........................................................


THE HATTIESBURG CLIMATE NORMALS FOR TODAY
                         NORMAL    RECORD    YEAR
 MAXIMUM TEMPERATURE (F)   87        96      1953
 MINIMUM TEMPERATURE (F)   64        52      2017
                                             1983
                                             1979


SUNRISE AND SUNSET
MAY 25 2018...........SUNRISE   556 AM CDT   SUNSET   752 PM CDT
MAY 26 2018...........SUNRISE   555 AM CDT   SUNSET   753 PM CDT


-  INDICATES NEGATIVE NUMBERS.
R  INDICATES RECORD WAS SET OR TIED.
MM INDICATES DATA IS MISSING.
T  INDICATES TRACE AMOUNT.




$$
