000
CDUS41 KLWX 220529
CLIHGR


CLIMATE REPORT
NATIONAL WEATHER SERVICE BALTIMORE MD/WASHINGTON DC
125 AM EDT SUN APR 22 2018


...................................

...THE HAGERSTOWN MD CLIMATE SUMMARY FOR APRIL 21 2018...

CLIMATE NORMAL PERIOD 1981 TO 2010
CLIMATE RECORD PERIOD 1998 TO 2018


WEATHER ITEM   OBSERVED TIME   RECORD YEAR NORMAL DEPARTURE LAST
                VALUE   (LST)  VALUE       VALUE  FROM      YEAR
                                                  NORMAL
..................................................................
TEMPERATURE (F)
 YESTERDAY
  MAXIMUM         60    559 PM  MM      MM  65     -5       83
  MINIMUM         35    632 AM  MM      MM  44     -9       62
  AVERAGE         48                        55     -7       73

PRECIPITATION (IN)
  YESTERDAY        0.00         MM      MM   0.13  -0.13     0.23
  MONTH TO DATE    3.49                      2.58   0.91     1.60
  SINCE MAR 1      5.45                      5.96  -0.51     4.43
  SINCE JAN 1     11.95                     11.19   0.76     8.53

DEGREE DAYS
 HEATING
  YESTERDAY       17                        11      6        0
  MONTH TO DATE  367                       296     71      138
  SINCE MAR 1   1185                      1025    160      835
  SINCE JUL 1   4598                      4928   -330     3842

 COOLING
  YESTERDAY        0                         1     -1        8
  MONTH TO DATE   15                         3     12       26
  SINCE MAR 1     15                         4     11       27
  SINCE JAN 1     20                         4     16       28
..................................................................


WIND (MPH)
  HIGHEST WIND SPEED     8   HIGHEST WIND DIRECTION    NE (50)
  HIGHEST GUST SPEED    11   HIGHEST GUST DIRECTION     W (280)
  AVERAGE WIND SPEED     1.8


SKY COVER
  POSSIBLE SUNSHINE  MM
  AVERAGE SKY COVER 0.0


WEATHER CONDITIONS
 THE FOLLOWING WEATHER WAS RECORDED YESTERDAY.
  NO SIGNIFICANT WEATHER WAS OBSERVED.


RELATIVE HUMIDITY (PERCENT)
 HIGHEST    70           700 AM
 LOWEST     23           600 PM
 AVERAGE    47

..........................................................


THE HAGERSTOWN MD CLIMATE NORMALS FOR TODAY
                         NORMAL    RECORD    YEAR
 MAXIMUM TEMPERATURE (F)   65        MM        MM
 MINIMUM TEMPERATURE (F)   45        MM        MM


SUNRISE AND SUNSET
APRIL 22 2018.........SUNRISE   623 AM EDT   SUNSET   756 PM EDT
APRIL 23 2018.........SUNRISE   622 AM EDT   SUNSET   757 PM EDT


-  INDICATES NEGATIVE NUMBERS.
R  INDICATES RECORD WAS SET OR TIED.
MM INDICATES DATA IS MISSING.
T  INDICATES TRACE AMOUNT.




$$
