000
CDUS46 KHNX 210832
CLIHJO


CLIMATE REPORT
NATIONAL WEATHER SERVICE SAN JOAQUIN VALLEY, CA
131 AM PDT SAT APR 21 2018


...................................

...THE HANFORD CA CLIMATE SUMMARY FOR APRIL 20 2018...

CLIMATE NORMAL PERIOD 1981 TO 2010
CLIMATE RECORD PERIOD 1998 TO 2018


WEATHER ITEM   OBSERVED TIME   RECORD YEAR NORMAL DEPARTURE
                VALUE   (LST)  VALUE       VALUE  FROM
                                                  NORMAL
...............................................................
TEMPERATURE (F)
 YESTERDAY
  MAXIMUM         77    452 PM  97    2009  76      1
  MINIMUM         42    536 AM  38    2007  47     -5
  AVERAGE         60                        62     -2

PRECIPITATION (IN)
  YESTERDAY        0.00          0.64 2010   0.03  -0.03
  MONTH TO DATE    0.29                      0.52  -0.23
  SINCE OCT 1      4.70                      9.05  -4.35
  SINCE JAN 1      4.29                      5.92  -1.63

SNOWFALL (IN)
  YESTERDAY        0.0
  MONTH TO DATE    0.0
  SINCE MAR 1      0.0
  SINCE JUL 1      0.0
  SNOW DEPTH       0

DEGREE DAYS
 HEATING
  YESTERDAY        5
  MONTH TO DATE   72
  SINCE MAR 1    360
  SINCE JUL 1   2030

 COOLING
  YESTERDAY        0
  MONTH TO DATE   19
  SINCE MAR 1     27
  SINCE JAN 1     27
...............................................................


WIND (MPH)
  HIGHEST WIND SPEED    13   HIGHEST WIND DIRECTION    NW (320)
  HIGHEST GUST SPEED    18   HIGHEST GUST DIRECTION    NW (320)
  AVERAGE WIND SPEED     3.8




RELATIVE HUMIDITY (PERCENT)
 HIGHEST   100
 LOWEST     27
 AVERAGE    64

..........................................................


THE HANFORD CA CLIMATE NORMALS FOR TODAY
                         NORMAL    RECORD    YEAR
 MAXIMUM TEMPERATURE (F)   77        97      2009
 MINIMUM TEMPERATURE (F)   48        38      2004


SUNRISE AND SUNSET
APRIL 21 2018.........SUNRISE   617 AM PDT   SUNSET   738 PM PDT
APRIL 22 2018.........SUNRISE   616 AM PDT   SUNSET   739 PM PDT


-  INDICATES NEGATIVE NUMBERS.
R  INDICATES RECORD WAS SET OR TIED.
MM INDICATES DATA IS MISSING.
T  INDICATES TRACE AMOUNT.




$$
