992
CDUS44 KHGX 260717
CLIHOU


CLIMATE REPORT
NATIONAL WEATHER SERVICE HOUSTON/GALVESTON TX
216 AM CDT THU APR 26 2018


...................................

...THE HOUSTON INTERCONTINENTAL CLIMATE SUMMARY FOR APRIL 25 2018...

CLIMATE NORMAL PERIOD 1981 TO 2010
CLIMATE RECORD PERIOD 1892 TO 2018


WEATHER ITEM   OBSERVED TIME   RECORD YEAR NORMAL DEPARTURE LAST
                VALUE   (LST)  VALUE       VALUE  FROM      YEAR
                                                  NORMAL
..................................................................
TEMPERATURE (F)
 YESTERDAY
  MAXIMUM         86    242 PM  90    2006  82      4       85
                                      1945
                                      1932
  MINIMUM         60    611 AM  41    1910  62     -2       65
  AVERAGE         73                        72      1       75

PRECIPITATION (IN)
  YESTERDAY        0.00          2.50 1905   0.13  -0.13      T
  MONTH TO DATE    1.90                      2.67  -0.77     1.67
  SINCE MAR 1      4.87                      6.08  -1.21     7.30
  SINCE JAN 1     13.66                     12.66   1.00    15.81

SNOWFALL (IN)
  YESTERDAY        0.0          MM      MM
  MONTH TO DATE    0.0
  SINCE MAR 1      0.0
  SINCE JUL 1      0.8

DEGREE DAYS
 HEATING
  YESTERDAY        0                         0      0        0
  MONTH TO DATE   46                        35     11        1
  SINCE MAR 1    104                       176    -72       53
  SINCE JUL 1   1230                      1364   -134      653

 COOLING
  YESTERDAY        8                         7      1       10
  MONTH TO DATE   95                       133    -38      170
  SINCE MAR 1    239                       204     35      328
  SINCE JAN 1    327                       242     85      507
..................................................................


WIND (MPH)
  HIGHEST WIND SPEED    24   HIGHEST WIND DIRECTION     N (340)
  HIGHEST GUST SPEED    29   HIGHEST GUST DIRECTION    NW (330)




RELATIVE HUMIDITY (PERCENT)
 HIGHEST   100
 LOWEST     44
 AVERAGE    72

..........................................................


THE HOUSTON INTERCONTINENTAL CLIMATE NORMALS FOR TODAY
                         NORMAL    RECORD    YEAR
 MAXIMUM TEMPERATURE (F)   82        91      2017
                                             1988
                                             1944
 MINIMUM TEMPERATURE (F)   62        46      1978
                                             1977


SUNRISE AND SUNSET
APRIL 26 2018.........SUNRISE   643 AM CDT   SUNSET   756 PM CDT
APRIL 27 2018.........SUNRISE   642 AM CDT   SUNSET   756 PM CDT


-  INDICATES NEGATIVE NUMBERS.
R  INDICATES RECORD WAS SET OR TIED.
MM INDICATES DATA IS MISSING.
T  INDICATES TRACE AMOUNT.




...................................

...THE HOUSTON/HOBBY AIRPORT CLIMATE SUMMARY FOR APRIL 25 2018...

CLIMATE NORMAL PERIOD 1981 TO 2010
CLIMATE RECORD PERIOD 1930 TO 2018


WEATHER ITEM   OBSERVED TIME   RECORD YEAR NORMAL DEPARTURE LAST
                VALUE   (LST)  VALUE       VALUE  FROM      YEAR
                                                  NORMAL
..................................................................
TEMPERATURE (F)
 YESTERDAY
  MAXIMUM         85    333 PM  91    1932  81      4       83
  MINIMUM         61    554 AM  46    1937  63     -2       63
  AVERAGE         73                        72      1       73

PRECIPITATION (IN)
  YESTERDAY        0.00          3.90 1997   0.11  -0.11      T
  MONTH TO DATE    2.71                      2.62   0.09     2.98
  SINCE MAR 1      4.64                      5.82  -1.18    11.13
  SINCE JAN 1     11.88                     12.90  -1.02    17.25

SNOWFALL (IN)
  YESTERDAY        0.0          MM      MM
  MONTH TO DATE    0.0
  SINCE MAR 1      0.0
  SINCE JUL 1      1.5

DEGREE DAYS
 HEATING
  YESTERDAY        0                         0      0        0
  MONTH TO DATE   42                        27     15        1
  SINCE MAR 1     95                       148    -53       43
  SINCE JUL 1   1134                      1218    -84      541

 COOLING
  YESTERDAY        8                         7      1        8
  MONTH TO DATE   93                       134    -41      172
  SINCE MAR 1    231                       203     28      344
  SINCE JAN 1    322                       241     81      531
..................................................................


WIND (MPH)
  HIGHEST WIND SPEED    25   HIGHEST WIND DIRECTION     N (350)
  HIGHEST GUST SPEED    28   HIGHEST GUST DIRECTION     N (350)




RELATIVE HUMIDITY (PERCENT)
 HIGHEST   100
 LOWEST     48
 AVERAGE    74

..........................................................


THE HOUSTON/HOBBY AIRPORT CLIMATE NORMALS FOR TODAY
                         NORMAL    RECORD    YEAR
 MAXIMUM TEMPERATURE (F)   81        91      2017
                                             1944
 MINIMUM TEMPERATURE (F)   64        46      1937


SUNRISE AND SUNSET
APRIL 26 2018.........SUNRISE   643 AM CDT   SUNSET   755 PM CDT
APRIL 27 2018.........SUNRISE   642 AM CDT   SUNSET   756 PM CDT


-  INDICATES NEGATIVE NUMBERS.
R  INDICATES RECORD WAS SET OR TIED.
MM INDICATES DATA IS MISSING.
T  INDICATES TRACE AMOUNT.




$$
