000
CDUS44 KLZK 250634
CLIHRO


CLIMATE REPORT
NATIONAL WEATHER SERVICE LITTLE ROCK AR
134 AM CDT FRI MAY 25 2018


...................................

...THE HARRISON CLIMATE SUMMARY FOR MAY 24 2018...

CLIMATE NORMAL PERIOD 1981 TO 2010
CLIMATE RECORD PERIOD 1891 TO 2018


WEATHER ITEM   OBSERVED TIME   RECORD YEAR NORMAL DEPARTURE LAST
                VALUE   (LST)  VALUE       VALUE  FROM      YEAR
                                                  NORMAL
..................................................................
TEMPERATURE (F)
 YESTERDAY
  MAXIMUM         83    129 PM  97    1926  78      5       63
  MINIMUM         61    338 AM  41    1930  57      4       49
                                      1913
  AVERAGE         72                        68      4       56

PRECIPITATION (IN)
  YESTERDAY        0.09          1.38 1976   0.13  -0.04     0.02
  MONTH TO DATE    2.69                      3.73  -1.04     4.58
  SINCE MAR 1     11.37                     11.84  -0.47    21.90
  SINCE JAN 1     20.00                     17.04   2.96    25.48

SNOWFALL (IN)
  YESTERDAY        0.0          MM      MM   0.0    0.0      0.0
  MONTH TO DATE    0.0                       0.0    0.0      0.0
  SINCE MAR 1      0.1                       2.3   -2.2      2.5
  SINCE JUL 1      2.2                      11.5   -9.3      3.4
  SNOW DEPTH       0

DEGREE DAYS
 HEATING
  YESTERDAY        0                         2     -2        9
  MONTH TO DATE    0                        70    -70       71
  SINCE MAR 1    834                       819     15      587
  SINCE JUL 1   3794                      3991   -197     2993

 COOLING
  YESTERDAY        7                         4      3        0
  MONTH TO DATE  180                        69    111       60
  SINCE MAR 1    189                       106     83      106
  SINCE JAN 1    194                       106     88      113
..................................................................


WIND (MPH)
  HIGHEST WIND SPEED    14   HIGHEST WIND DIRECTION    SW (240)
  HIGHEST GUST SPEED    19   HIGHEST GUST DIRECTION    SW (240)
  AVERAGE WIND SPEED     3.7


SKY COVER
  POSSIBLE SUNSHINE  MM
  AVERAGE SKY COVER 0.5


WEATHER CONDITIONS
 THE FOLLOWING WEATHER WAS RECORDED YESTERDAY.
  THUNDERSTORM
  LIGHT RAIN
  FOG
  FOG W/VISIBILITY <= 1/4 MILE


RELATIVE HUMIDITY (PERCENT)
 HIGHEST   100          1200 AM
 LOWEST     67           100 PM
 AVERAGE    84

..........................................................


THE HARRISON CLIMATE NORMALS FOR TODAY
                         NORMAL    RECORD    YEAR
 MAXIMUM TEMPERATURE (F)   79        94      1926
 MINIMUM TEMPERATURE (F)   58        35      1925


SUNRISE AND SUNSET
MAY 25 2018...........SUNRISE   600 AM CDT   SUNSET   820 PM CDT
MAY 26 2018...........SUNRISE   559 AM CDT   SUNSET   821 PM CDT


-  INDICATES NEGATIVE NUMBERS.
R  INDICATES RECORD WAS SET OR TIED.
MM INDICATES DATA IS MISSING.
T  INDICATES TRACE AMOUNT.




$$
