000
CDUS43 KAPX 210526
CLIHTL


CLIMATE REPORT
NATIONAL WEATHER SERVICE GAYLORD MI
126 AM EDT SAT APR 21 2018


...................................

...THE HOUGHTON LAKE MI CLIMATE SUMMARY FOR APRIL 20 2018...

CLIMATE NORMAL PERIOD 1981 TO 2010
CLIMATE RECORD PERIOD 1913 TO 2018


WEATHER ITEM   OBSERVED TIME   RECORD YEAR NORMAL DEPARTURE LAST
                VALUE   (LST)  VALUE       VALUE  FROM      YEAR
                                                  NORMAL
..................................................................
TEMPERATURE (F)
 YESTERDAY
  MAXIMUM         56    323 PM  83    1987  56      0       48
  MINIMUM         23    447 AM   9    1928  33    -10       38
  AVERAGE         40                        45     -5       43

PRECIPITATION (IN)
  YESTERDAY        0.00          0.84 1955   0.08  -0.08     0.82
  MONTH TO DATE    3.28                      1.70   1.58     4.52
  SINCE MAR 1      4.08                      3.54   0.54     7.20
  SINCE JAN 1      8.25                      6.26   1.99    12.68

SNOWFALL (IN)
  YESTERDAY        0.0           0.7  2011   0.1   -0.1      0.0
  MONTH TO DATE   14.1                       3.3   10.8       T
  SINCE OCT 1     55.8                      66.1  -10.3     76.1
  SINCE JUL 1     55.8                      66.1  -10.3     76.1
  SNOW DEPTH       3

DEGREE DAYS
 HEATING
  YESTERDAY       25                        20      5       22
  MONTH TO DATE  708                       493    215      373
  SINCE MAR 1   1823                      1606    217     1470
  SINCE JUL 1   7376                      7478   -102     6320

 COOLING
  YESTERDAY        0                         0      0        0
  MONTH TO DATE    0                         0      0        0
  SINCE MAR 1      0                         0      0        0
  SINCE JAN 1      0                         0      0        0
..................................................................


WIND (MPH)
  HIGHEST WIND SPEED    14   HIGHEST WIND DIRECTION     N (340)
  HIGHEST GUST SPEED    18   HIGHEST GUST DIRECTION    NW (330)
  AVERAGE WIND SPEED     4.0




RELATIVE HUMIDITY (PERCENT)
 HIGHEST    68
 LOWEST     22
 AVERAGE    45

..........................................................


THE HOUGHTON LAKE MI CLIMATE NORMALS FOR TODAY
                         NORMAL    RECORD    YEAR
 MAXIMUM TEMPERATURE (F)   57        83      1985
 MINIMUM TEMPERATURE (F)   33        12      1922


SUNRISE AND SUNSET
APRIL 21 2018.........SUNRISE   645 AM EDT   SUNSET   831 PM EDT
APRIL 22 2018.........SUNRISE   643 AM EDT   SUNSET   832 PM EDT


-  INDICATES NEGATIVE NUMBERS.
R  INDICATES RECORD WAS SET OR TIED.
MM INDICATES DATA IS MISSING.
T  INDICATES TRACE AMOUNT.




$$
