000
CDUS41 KRLX 230720
CLIHTS


CLIMATE REPORT
NATIONAL WEATHER SERVICE CHARLESTON WV
320 AM EDT MON APR 23 2018


...................................

...THE HUNTINGTON WV CLIMATE SUMMARY FOR APRIL 22 2018...

CLIMATE NORMAL PERIOD 1981 TO 2010
CLIMATE RECORD PERIOD 1897 TO 2018


WEATHER ITEM   OBSERVED TIME   RECORD YEAR NORMAL DEPARTURE LAST
                VALUE   (LST)  VALUE       VALUE  FROM      YEAR
                                                  NORMAL
..................................................................
TEMPERATURE (F)
 YESTERDAY
  MAXIMUM         68    549 PM  91    1920  70     -2       55
  MINIMUM         48    659 AM  31    1953  46      2       45
                                      1943
  AVERAGE         58                        58      0       50

PRECIPITATION (IN)
  YESTERDAY        0.00          2.14 1931   0.12  -0.12     0.23
  MONTH TO DATE    2.51                      2.46   0.05     1.69
  SINCE JAN 1     16.90                     12.40   4.50    12.57

SNOWFALL (IN)
  YESTERDAY        0.0           T    2016   0.0    0.0      0.0
  MONTH TO DATE    1.2                       0.9    0.3      0.0
  SINCE SEP 1     12.5                      23.6  -11.1      5.9
  SNOW DEPTH       0

DEGREE DAYS
 HEATING
  YESTERDAY        7                         8     -1       15
  MONTH TO DATE  335                       237     98      116
  SINCE MAR 1   1033                       833    200      668
  SINCE JUL 1   4283                      4334    -51     3317

 COOLING
  YESTERDAY        0                         1     -1        0
  MONTH TO DATE   21                        21      0       38
  SINCE MAR 1     21                        26     -5       40
  SINCE JAN 1     28                        26      2       41
..................................................................


WIND (MPH)
  HIGHEST WIND SPEED    10   HIGHEST WIND DIRECTION    NE (60)
  HIGHEST GUST SPEED    16   HIGHEST GUST DIRECTION    NE (50)
  AVERAGE WIND SPEED     5.9


SKY COVER
  POSSIBLE SUNSHINE  MM
  AVERAGE SKY COVER 0.0


WEATHER CONDITIONS
 THE FOLLOWING WEATHER WAS RECORDED YESTERDAY.
  NO SIGNIFICANT WEATHER WAS OBSERVED.


RELATIVE HUMIDITY (PERCENT)
 HIGHEST    48           800 AM
 LOWEST     20           600 PM
 AVERAGE    34

..........................................................


THE HUNTINGTON WV CLIMATE NORMALS FOR TODAY
                         NORMAL    RECORD    YEAR
 MAXIMUM TEMPERATURE (F)   70        91      1960
 MINIMUM TEMPERATURE (F)   47        26      1986


SUNRISE AND SUNSET
APRIL 23 2018.........SUNRISE   643 AM EDT   SUNSET   814 PM EDT
APRIL 24 2018.........SUNRISE   642 AM EDT   SUNSET   815 PM EDT


-  INDICATES NEGATIVE NUMBERS.
R  INDICATES RECORD WAS SET OR TIED.
MM INDICATES DATA IS MISSING.
T  INDICATES TRACE AMOUNT.




$$
