163
CDUS43 KIND 220534
CLIHUF


CLIMATE REPORT
NATIONAL WEATHER SERVICE INDIANAPOLIS IN
133 AM EDT TUE MAY 22 2018


...................................

...THE TERRE HAUTE IN CLIMATE SUMMARY FOR MAY 21 2018...

CLIMATE NORMAL PERIOD 1981 TO 2010
CLIMATE RECORD PERIOD 9999 TO 9999


WEATHER ITEM   OBSERVED TIME   NORMAL DEPARTURE LAST
                VALUE   (LST)  VALUE  FROM      YEAR
                                      NORMAL
......................................................
TEMPERATURE (F)
 YESTERDAY
  MAXIMUM         82    443 PM  76      6       73
  MINIMUM         63    608 AM  54      9       54
  AVERAGE         73            65      8       64

PRECIPITATION (IN)
  YESTERDAY        T             0.24  -0.24      T
  MONTH TO DATE    0.83          4.85  -4.02     6.09
  SINCE MAR 1     10.25         12.37  -2.12    17.91
  SINCE JAN 1     16.10         16.66  -0.56    22.25

DEGREE DAYS
 HEATING
  YESTERDAY        0             3     -3        1
  MONTH TO DATE    9           111   -102      113
  SINCE MAR 1   1313          1168    145      895
  SINCE JUL 1   5323          5331     -8     4230

 COOLING
  YESTERDAY        8             3      5        0
  MONTH TO DATE  122            36     86       62
  SINCE MAR 1    126            51     75       92
  SINCE JAN 1    126            51     75       92
......................................................


WIND (MPH)
  HIGHEST WIND SPEED    14   HIGHEST WIND DIRECTION    SW (240)
  HIGHEST GUST SPEED    17   HIGHEST GUST DIRECTION    SW (240)
  AVERAGE WIND SPEED     5.4


SKY COVER
  AVERAGE SKY COVER 0.2


WEATHER CONDITIONS
 THE FOLLOWING WEATHER WAS RECORDED YESTERDAY.
  LIGHT RAIN
  FOG


RELATIVE HUMIDITY (PERCENT)
 HIGHEST    93           300 AM
 LOWEST     54           500 PM
 AVERAGE    74

..........................................................


THE TERRE HAUTE IN CLIMATE NORMALS FOR TODAY
                         NORMAL
 MAXIMUM TEMPERATURE (F)   76
 MINIMUM TEMPERATURE (F)   54


SUNRISE AND SUNSET
MAY 22 2018...........SUNRISE   630 AM EDT   SUNSET   903 PM EDT
MAY 23 2018...........SUNRISE   629 AM EDT   SUNSET   903 PM EDT


-  INDICATES NEGATIVE NUMBERS.
R  INDICATES RECORD WAS SET OR TIED.
MM INDICATES DATA IS MISSING.
T  INDICATES TRACE AMOUNT.




$$
