000
CDUS43 KUNR 260833
CLIIEN


CLIMATE REPORT
NATIONAL WEATHER SERVICE RAPID CITY SD
232 AM MDT SAT MAY 26 2018


...................................

...THE PINE RIDGE SD CLIMATE SUMMARY FOR MAY 25 2018...

CLIMATE NORMAL PERIOD 1981 TO 2010
CLIMATE RECORD PERIOD 9999 TO 9999


WEATHER ITEM   OBSERVED TIME   NORMAL DEPARTURE LAST
                VALUE   (LST)  VALUE  FROM      YEAR
                                      NORMAL
......................................................
TEMPERATURE (F)
 YESTERDAY
  MAXIMUM         86    333 PM  73     13       72
  MINIMUM         51    419 AM  45      6       46
  AVERAGE         69            59     10       59

PRECIPITATION (IN)
  YESTERDAY        0.00          0.07  -0.07     0.00
  MONTH TO DATE    2.50          2.03   0.47     3.77
  SINCE MAR 1      5.25          4.81   0.44     8.03
  SINCE JAN 1      6.28          5.60   0.68     9.17

DEGREE DAYS
 HEATING
  YESTERDAY        0             7     -7        6
  MONTH TO DATE  182           268    -86      262
  SINCE MAR 1   1736          1738     -2     1465
  SINCE JUL 1   7040          7088    -48     6631

 COOLING
  YESTERDAY        4             1      3        0
  MONTH TO DATE   28             8     20       15
  SINCE MAR 1     29             8     21       16
  SINCE JAN 1     29             8     21       16
......................................................


WIND (MPH)
  HIGHEST WIND SPEED    13   HIGHEST WIND DIRECTION     W (250)
  HIGHEST GUST SPEED    17   HIGHEST GUST DIRECTION    SW (230)
  AVERAGE WIND SPEED     5.3


SKY COVER
  AVERAGE SKY COVER 0.0


WEATHER CONDITIONS
 THE FOLLOWING WEATHER WAS RECORDED YESTERDAY.
  NO SIGNIFICANT WEATHER WAS OBSERVED.


RELATIVE HUMIDITY (PERCENT)
 HIGHEST   100           100 AM
 LOWEST     32           500 PM
 AVERAGE    66

..........................................................




SUNRISE AND SUNSET
MAY 26 2018...........SUNRISE   517 AM MDT   SUNSET   818 PM MDT
MAY 27 2018...........SUNRISE   516 AM MDT   SUNSET   819 PM MDT


-  INDICATES NEGATIVE NUMBERS.
R  INDICATES RECORD WAS SET OR TIED.
MM INDICATES DATA IS MISSING.
T  INDICATES TRACE AMOUNT.




$$
