217
CDUS45 KVEF 210828
CLIIGM


CLIMATE REPORT
NATIONAL WEATHER SERVICE LAS VEGAS, NV
127 AM PDT MON MAY 21 2018


...................................

...THE KINGMAN AZ CLIMATE SUMMARY FOR MAY 20 2018...

CLIMATE NORMAL PERIOD 1981 TO 2010
CLIMATE RECORD PERIOD 1901 TO 2018


WEATHER ITEM   OBSERVED TIME   RECORD YEAR NORMAL DEPARTURE LAST
                VALUE   (LST)  VALUE       VALUE  FROM      YEAR
                                                  NORMAL
..................................................................
TEMPERATURE (F)
 YESTERDAY
  MAXIMUM         87    217 PM 105    1923  86      1       85
  MINIMUM         58    606 AM  38    1974  54      4       45
  AVERAGE         73                        70      3       65

PRECIPITATION (IN)
  YESTERDAY        0.00          0.25 1917   0.00   0.00     0.00
  MONTH TO DATE    0.00                      0.10  -0.10     0.19
  SINCE OCT 1      1.31                      5.53  -4.22     6.45
  SINCE JAN 1      1.31                      3.43  -2.12     2.89

DEGREE DAYS
 HEATING
  YESTERDAY        0                         1     -1        0
  MONTH TO DATE   29                        45    -16       85
  SINCE MAR 1    494                       678   -184      494
  SINCE JUL 1   2272                      3091   -819     2491

 COOLING
  YESTERDAY        8                         6      2        0
  MONTH TO DATE  116                        85     31       41
  SINCE MAR 1    195                       116     79       56
  SINCE JAN 1    195                       116     79       56
..................................................................


WIND (MPH)
  RESULTANT WIND SPEED  10   RESULTANT WIND DIRECTION   S (200)
  HIGHEST WIND SPEED    29   HIGHEST WIND DIRECTION    SW (220)
  HIGHEST GUST SPEED    36   HIGHEST GUST DIRECTION    SW (240)
  AVERAGE WIND SPEED    13.1


SKY COVER
  POSSIBLE SUNSHINE  MM
  AVERAGE SKY COVER 0.0


WEATHER CONDITIONS
 THE FOLLOWING WEATHER WAS RECORDED YESTERDAY.
  NO SIGNIFICANT WEATHER WAS OBSERVED.


RELATIVE HUMIDITY (PERCENT)
 HIGHEST    30           600 AM
 LOWEST     11           400 PM
 AVERAGE    21

..........................................................


THE KINGMAN AZ CLIMATE NORMALS FOR TODAY
                         NORMAL    RECORD    YEAR
 MAXIMUM TEMPERATURE (F)   87       106      1923
 MINIMUM TEMPERATURE (F)   54        30      1975


SUNRISE AND SUNSET
MAY 21 2018...........SUNRISE   527 AM MST   SUNSET   738 PM MST
MAY 22 2018...........SUNRISE   527 AM MST   SUNSET   738 PM MST


-  INDICATES NEGATIVE NUMBERS.
R  INDICATES RECORD WAS SET OR TIED.
MM INDICATES DATA IS MISSING.
T  INDICATES TRACE AMOUNT.




$$
