000
CDUS41 KPHI 200555
CLIILG


CLIMATE REPORT
NATIONAL WEATHER SERVICE MOUNT HOLLY NJ
155 AM EDT SUN MAY 20 2018


...................................

...THE WILMINGTON DE CLIMATE SUMMARY FOR MAY 19 2018...

CLIMATE NORMAL PERIOD 1981 TO 2010
CLIMATE RECORD PERIOD 1894 TO 2018


WEATHER ITEM   OBSERVED TIME   RECORD YEAR NORMAL DEPARTURE LAST
                VALUE   (LST)  VALUE       VALUE  FROM      YEAR
                                                  NORMAL
..................................................................
TEMPERATURE (F)
 YESTERDAY
  MAXIMUM         70   1159 PM  95    1962  74     -4       91
  MINIMUM         51    502 AM  37    2009  54     -3       70
  AVERAGE         61                        64     -3       81

PRECIPITATION (IN)
  YESTERDAY        0.74          1.20 1966   0.13   0.61      T
                                      1900
  MONTH TO DATE    4.87                      2.35   2.52     3.42
  SINCE MAR 1     12.11                      9.77   2.34    10.72
  SINCE JAN 1     20.55                     15.46   5.09    14.74

SNOWFALL (IN)
  YESTERDAY        0.0           0.0  1894   0.0    0.0      0.0
  MONTH TO DATE    0.0                       0.0    0.0      0.0
  SINCE MAR 1     14.2                       2.2   12.0      3.4
  SINCE JUL 1     28.0                      20.2    7.8      9.0
  SNOW DEPTH       0

DEGREE DAYS
 HEATING
  YESTERDAY        4                         4      0        0
  MONTH TO DATE   32                       103    -71      123
  SINCE MAR 1   1260                      1149    111     1050
  SINCE JUL 1   4620                      4772   -152     4052

 COOLING
  YESTERDAY        0                         2     -2       16
  MONTH TO DATE   46                        27     19       50
  SINCE MAR 1     54                        39     15       80
  SINCE JAN 1     54                        39     15       80
..................................................................


WIND (MPH)
  HIGHEST WIND SPEED    17   HIGHEST WIND DIRECTION    NE (60)
  HIGHEST GUST SPEED    22   HIGHEST GUST DIRECTION    NE (60)
  AVERAGE WIND SPEED     7.7


SKY COVER
  POSSIBLE SUNSHINE  MM
  AVERAGE SKY COVER 1.0


WEATHER CONDITIONS
 THE FOLLOWING WEATHER WAS RECORDED YESTERDAY.
  HEAVY RAIN
  RAIN
  LIGHT RAIN
  FOG


RELATIVE HUMIDITY (PERCENT)
 HIGHEST   100           600 AM
 LOWEST     89          1200 AM
 AVERAGE    95

..........................................................


THE WILMINGTON DE CLIMATE NORMALS FOR TODAY
                         NORMAL    RECORD    YEAR
 MAXIMUM TEMPERATURE (F)   74        96      1996
 MINIMUM TEMPERATURE (F)   54        37      2002


SUNRISE AND SUNSET
MAY 20 2018...........SUNRISE   544 AM EDT   SUNSET   815 PM EDT
MAY 21 2018...........SUNRISE   543 AM EDT   SUNSET   815 PM EDT


-  INDICATES NEGATIVE NUMBERS.
R  INDICATES RECORD WAS SET OR TIED.
MM INDICATES DATA IS MISSING.
T  INDICATES TRACE AMOUNT.




$$
