000
CDUS43 KILX 210629
CLIILX


CLIMATE REPORT
NATIONAL WEATHER SERVICE LINCOLN IL
128 AM CDT MON MAY 21 2018


...................................

...THE LINCOLN IL CLIMATE SUMMARY FOR MAY 20 2018...

CLIMATE NORMAL PERIOD 1981 TO 2010
CLIMATE RECORD PERIOD 1905 TO 2018


WEATHER ITEM   OBSERVED TIME   RECORD YEAR NORMAL DEPARTURE LAST
                VALUE   (LST)  VALUE       VALUE  FROM      YEAR
                                                  NORMAL
..................................................................
TEMPERATURE (F)
 YESTERDAY
  MAXIMUM         80        MM  94    1996  76      4       76
  MINIMUM         57        MM  33    1954  53      4       51
  AVERAGE         69                        64      5       64

PRECIPITATION (IN)
  YESTERDAY        0.01          2.22 1974   0.13  -0.12     0.78
  MONTH TO DATE    0.60                      2.66  -2.06     3.00
  SINCE MAR 1      7.38                      8.87  -1.49    13.01
  SINCE JAN 1     12.90                     12.62   0.28    15.66

SNOWFALL (IN)
  YESTERDAY        0.0           0.0    MM   0.0    0.0      0.0
  MONTH TO DATE    0.0                       0.0    0.0      0.0
  SINCE MAR 1      7.4                       2.0    5.4      3.7
  SINCE JUL 1     17.3                      20.5   -3.2     10.9
  SNOW DEPTH       0

DEGREE DAYS
 HEATING
  YESTERDAY        0                         4     -4        1
  MONTH TO DATE    4                       109   -105      128
  SINCE MAR 1   1449                      1241    208     1081
  SINCE JUL 1   5849                      5664    185     4689

 COOLING
  YESTERDAY        4                         3      1        0
  MONTH TO DATE   97                        34     63       53
  SINCE MAR 1    101                        49     52       67
  SINCE JAN 1    101                        49     52       67
..................................................................


WIND (MPH)
  HIGHEST WIND SPEED    MM   HIGHEST WIND DIRECTION    MM
  HIGHEST GUST SPEED    MM   HIGHEST GUST DIRECTION    MM
  AVERAGE WIND SPEED    MM


SKY COVER
  POSSIBLE SUNSHINE  MM


WEATHER CONDITIONS
 THE FOLLOWING WEATHER WAS RECORDED YESTERDAY.
  LIGHT RAIN
  FOG


..........................................................


THE LINCOLN IL CLIMATE NORMALS FOR TODAY
                         NORMAL    RECORD    YEAR
 MAXIMUM TEMPERATURE (F)   76        96      1934
 MINIMUM TEMPERATURE (F)   54        30      1929


SUNRISE AND SUNSET
MAY 21 2018...........SUNRISE   537 AM CDT   SUNSET   812 PM CDT
MAY 22 2018...........SUNRISE   536 AM CDT   SUNSET   813 PM CDT


-  INDICATES NEGATIVE NUMBERS.
R  INDICATES RECORD WAS SET OR TIED.
MM INDICATES DATA IS MISSING.
T  INDICATES TRACE AMOUNT.




$$
