017
CDUS45 KFGZ 191245
CLIINW


CLIMATE REPORT
NATIONAL WEATHER SERVICE FLAGSTAFF, AZ
545 AM MST THU APR 19 2018


...................................

...THE WINSLOW AZ AIRPORT CLIMATE SUMMARY FOR APRIL 18 2018...

CLIMATE NORMAL PERIOD 1981 TO 2010
CLIMATE RECORD PERIOD 1915 TO 2018


WEATHER ITEM   OBSERVED TIME   RECORD YEAR NORMAL DEPARTURE LAST
                VALUE   (LST)  VALUE       VALUE  FROM      YEAR
                                                  NORMAL
..................................................................
TEMPERATURE (F)
 YESTERDAY
  MAXIMUM         71    601 PM  88    1962  73     -2       83
  MINIMUM         24    550 AM  21    1922  37    -13       42
  AVERAGE         48                        55     -7       63

PRECIPITATION (IN)
  YESTERDAY        0.00          0.60 1917   0.01  -0.01     0.00
  MONTH TO DATE    0.00                      0.18  -0.18     0.11
  SINCE SEP 1      0.46                      4.18  -3.72     4.82
  SINCE JAN 1      0.23                      1.70  -1.47     1.74

DEGREE DAYS
 HEATING
  YESTERDAY       17                        10      7        2
  MONTH TO DATE  138                       227    -89      197
  SINCE JUL 1   3731                      4280   -549     3403

 COOLING
  YESTERDAY        0                         0      0        0
  MONTH TO DATE    7                         0      7        0
  SINCE JAN 1      7                         0      7        0
..................................................................


WIND (MPH)
  HIGHEST WIND SPEED    18   HIGHEST WIND DIRECTION     S (200)
  HIGHEST GUST SPEED    23   HIGHEST GUST DIRECTION     S (200)
  AVERAGE WIND SPEED     6.9


SKY COVER
  POSSIBLE SUNSHINE  MM
  AVERAGE SKY COVER 0.0


WEATHER CONDITIONS
 THE FOLLOWING WEATHER WAS RECORDED YESTERDAY.
  NO SIGNIFICANT WEATHER WAS OBSERVED.


RELATIVE HUMIDITY (PERCENT)
 HIGHEST    25           500 AM
 LOWEST      7           400 PM
 AVERAGE    16

..........................................................


THE WINSLOW AZ AIRPORT CLIMATE NORMALS FOR TODAY
                         NORMAL    RECORD    YEAR
 MAXIMUM TEMPERATURE (F)   73        89      1989
 MINIMUM TEMPERATURE (F)   38        19      2013


SUNRISE AND SUNSET
APRIL 19 2018.........SUNRISE   546 AM MST   SUNSET   659 PM MST
APRIL 20 2018.........SUNRISE   545 AM MST   SUNSET   700 PM MST


-  INDICATES NEGATIVE NUMBERS.
R  INDICATES RECORD WAS SET OR TIED.
MM INDICATES DATA IS MISSING.
T  INDICATES TRACE AMOUNT.




$$
