000
CDUS41 KCTP 200609
CLIIPT


CLIMATE REPORT
NATIONAL WEATHER SERVICE STATE COLLEGE PA
209 AM EDT SUN MAY 20 2018


...................................

...THE WILLIAMSPORT PA CLIMATE SUMMARY FOR MAY 19 2018...

CLIMATE NORMAL PERIOD 1981 TO 2010
CLIMATE RECORD PERIOD 1895 TO 2018


WEATHER ITEM   OBSERVED TIME   RECORD YEAR NORMAL DEPARTURE LAST
                VALUE   (LST)  VALUE       VALUE  FROM      YEAR
                                                  NORMAL
..................................................................
TEMPERATURE (F)
 YESTERDAY
  MAXIMUM         59   1213 AM  96    1996  72    -13       90
  MINIMUM         51    612 AM  29    1973  49      2       58
  AVERAGE         55                        61     -6       74

PRECIPITATION (IN)
  YESTERDAY        0.66          1.81 1988   0.12   0.54     0.00
  MONTH TO DATE    4.94                      2.19   2.75     3.21
  SINCE MAR 1     10.97                      8.40   2.57    10.86
  SINCE JAN 1     18.76                     13.44   5.32    16.16

SNOWFALL (IN)
  YESTERDAY        0.0           0.0  2002   0.0    0.0      0.0
                                      2001
  MONTH TO DATE    0.0                       0.0    0.0      0.0
  SINCE MAR 1      7.8                       8.0   -0.2     22.6
  SINCE JUL 1     26.8                      36.0   -9.2     41.1
  SNOW DEPTH       0

DEGREE DAYS
 HEATING
  YESTERDAY       10                         6      4        0
  MONTH TO DATE   68                       150    -82      152
  SINCE MAR 1   1499                      1438     61     1260
  SINCE JUL 1   5549                      5905   -356     4896

 COOLING
  YESTERDAY        0                         1     -1        9
  MONTH TO DATE   39                        14     25       29
  SINCE MAR 1     39                        19     20       44
  SINCE JAN 1     39                        19     20       44
..................................................................


WIND (MPH)
  HIGHEST WIND SPEED    15   HIGHEST WIND DIRECTION     E (110)
  HIGHEST GUST SPEED    20   HIGHEST GUST DIRECTION    SE (120)
  AVERAGE WIND SPEED     5.2


SKY COVER
  POSSIBLE SUNSHINE  MM
  AVERAGE SKY COVER 1.0


WEATHER CONDITIONS
 THE FOLLOWING WEATHER WAS RECORDED YESTERDAY.
  RAIN
  LIGHT RAIN
  FOG


RELATIVE HUMIDITY (PERCENT)
 HIGHEST   100           800 AM
 LOWEST     55          1200 AM
 AVERAGE    78

..........................................................


THE WILLIAMSPORT PA CLIMATE NORMALS FOR TODAY
                         NORMAL    RECORD    YEAR
 MAXIMUM TEMPERATURE (F)   73        96      1996
 MINIMUM TEMPERATURE (F)   49        34      2008
                                             1929
                                             1913


SUNRISE AND SUNSET
MAY 20 2018...........SUNRISE   545 AM EDT   SUNSET   824 PM EDT
MAY 21 2018...........SUNRISE   544 AM EDT   SUNSET   825 PM EDT


-  INDICATES NEGATIVE NUMBERS.
R  INDICATES RECORD WAS SET OR TIED.
MM INDICATES DATA IS MISSING.
T  INDICATES TRACE AMOUNT.




$$
