542
CDUS43 KEAX 240632
CLIIRK


CLIMATE REPORT
NATIONAL WEATHER SERVICE KANSAS CITY/PLEASANT HILL MO
132 AM CDT TUE APR 24 2018


...................................

...THE KIRKSVILLE MO CLIMATE SUMMARY FOR APRIL 23 2018...

CLIMATE NORMAL PERIOD 1981 TO 2010
CLIMATE RECORD PERIOD 9999 TO 9999


WEATHER ITEM   OBSERVED TIME   NORMAL DEPARTURE LAST
                VALUE   (LST)  VALUE  FROM      YEAR
                                      NORMAL
......................................................
TEMPERATURE (F)
 YESTERDAY
  MAXIMUM         71   1258 PM  65      6       72
  MINIMUM         49   1159 PM  43      6       33
  AVERAGE         60            54      6       53

PRECIPITATION (IN)
  YESTERDAY        0.00          0.15  -0.15     0.00
  MONTH TO DATE    0.65          2.66  -2.01     2.80
  SINCE MAR 1      3.47          5.21  -1.74     6.44
  SINCE JAN 1      7.58          8.01  -0.43     8.30

DEGREE DAYS
 HEATING
  YESTERDAY        5            11     -6       12
  MONTH TO DATE  529           334    195      197
  SINCE MAR 1   1321          1088    233      839
  SINCE JUL 1   5640          5621     19     4368

 COOLING
  YESTERDAY        0             0      0        0
  MONTH TO DATE    8             0      8       24
  SINCE MAR 1      8             0      8       24
  SINCE JAN 1      8             0      8       24
......................................................


WIND (MPH)
  HIGHEST WIND SPEED    22   HIGHEST WIND DIRECTION    NE (30)
  HIGHEST GUST SPEED    28   HIGHEST GUST DIRECTION    NE (30)
  AVERAGE WIND SPEED    11.6


SKY COVER
  AVERAGE SKY COVER 0.2


WEATHER CONDITIONS
 THE FOLLOWING WEATHER WAS RECORDED YESTERDAY.
  HAZE


RELATIVE HUMIDITY (PERCENT)
 HIGHEST    52           500 AM
 LOWEST     27           300 PM
 AVERAGE    40

..........................................................


THE KIRKSVILLE MO CLIMATE NORMALS FOR TODAY
                         NORMAL
 MAXIMUM TEMPERATURE (F)   65
 MINIMUM TEMPERATURE (F)   44


SUNRISE AND SUNSET
APRIL 24 2018.........SUNRISE   619 AM CDT   SUNSET   758 PM CDT
APRIL 25 2018.........SUNRISE   618 AM CDT   SUNSET   759 PM CDT


-  INDICATES NEGATIVE NUMBERS.
R  INDICATES RECORD WAS SET OR TIED.
MM INDICATES DATA IS MISSING.
T  INDICATES TRACE AMOUNT.




$$
