000
CDUS44 KMEG 250649
CLIJBR


CLIMATE REPORT
NATIONAL WEATHER SERVICE MEMPHIS TN
149 AM CDT WED APR 25 2018


...................................

...THE JONESBORO CLIMATE SUMMARY FOR APRIL 24 2018...

CLIMATE NORMAL PERIOD 1981 TO 2010
CLIMATE RECORD PERIOD 1897 TO 2018


WEATHER ITEM   OBSERVED TIME   RECORD YEAR NORMAL DEPARTURE LAST
                VALUE   (LST)  VALUE       VALUE  FROM      YEAR
                                                  NORMAL
..................................................................
TEMPERATURE (F)
 YESTERDAY
  MAXIMUM         70    327 PM  90    1965  73     -3       75
  MINIMUM         52   1141 PM  30    1910  52      0       49
  AVERAGE         61                        62     -1       62

PRECIPITATION (IN)
  YESTERDAY        0.00          2.60 1908   0.18  -0.18     0.00
  MONTH TO DATE    4.88                      3.89   0.99     1.72
  SINCE MAR 1      8.75                      8.39   0.36     7.99
  SINCE JAN 1     25.40                     15.54   9.86    13.60

DEGREE DAYS
 HEATING
  YESTERDAY        4                         4      0        3
  MONTH TO DATE  307                       176    131       87
  SINCE MAR 1    705                       640     65      451
  SINCE JUL 1   3488                      3596   -108     2584

 COOLING
  YESTERDAY        0                         2     -2        0
  MONTH TO DATE    9                        29    -20       49
  SINCE MAR 1     11                        35    -24       55
  SINCE JAN 1     16                        35    -19       59
..................................................................


WIND (MPH)
  HIGHEST WIND SPEED    15   HIGHEST WIND DIRECTION    NW (320)
  HIGHEST GUST SPEED    20   HIGHEST GUST DIRECTION    NW (310)
  AVERAGE WIND SPEED     5.2


SKY COVER
  POSSIBLE SUNSHINE  MM
  AVERAGE SKY COVER 0.8


WEATHER CONDITIONS
 THE FOLLOWING WEATHER WAS RECORDED YESTERDAY.
  FOG


RELATIVE HUMIDITY (PERCENT)
 HIGHEST   100          1200 AM
 LOWEST     63           400 PM
 AVERAGE    82

..........................................................


THE JONESBORO CLIMATE NORMALS FOR TODAY
                         NORMAL    RECORD    YEAR
 MAXIMUM TEMPERATURE (F)   73        95      1901
 MINIMUM TEMPERATURE (F)   52        30      1910


SUNRISE AND SUNSET
APRIL 25 2018.........SUNRISE   617 AM CDT   SUNSET   745 PM CDT
APRIL 26 2018.........SUNRISE   616 AM CDT   SUNSET   745 PM CDT


-  INDICATES NEGATIVE NUMBERS.
R  INDICATES RECORD WAS SET OR TIED.
MM INDICATES DATA IS MISSING.
T  INDICATES TRACE AMOUNT.




$$
