000
CDUS43 KSGF 230638
CLIJLN


CLIMATE REPORT
NATIONAL WEATHER SERVICE SPRINGFIELD MO
126 AM CDT MON APR 23 2018


...................................

...THE JOPLIN MO CLIMATE SUMMARY FOR APRIL 22 2018...

CLIMATE NORMAL PERIOD 1981 TO 2010
CLIMATE RECORD PERIOD 1902 TO 2018


WEATHER ITEM   OBSERVED TIME   RECORD YEAR NORMAL DEPARTURE LAST
                VALUE   (LST)  VALUE       VALUE  FROM      YEAR
                                                  NORMAL
..................................................................
TEMPERATURE (F)
 YESTERDAY
  MAXIMUM         61    322 PM  90    1965  72    -11       51
  MINIMUM         49    706 AM  29    1986  49      0       44
  AVERAGE         55                        60     -5       48

PRECIPITATION (IN)
  YESTERDAY        0.34          2.36 1983   0.16   0.18     0.10
  MONTH TO DATE    1.08                      3.02  -1.94     5.01
  SINCE MAR 1      3.38                      6.44  -3.06     7.71
  SINCE JAN 1      8.79                     10.79  -2.00    11.70

DEGREE DAYS
 HEATING
  YESTERDAY       10                         6      4       17
  MONTH TO DATE  359                       199    160      113
  SINCE MAR 1    851                       707    144      493
  SINCE JUL 1   4039                      3961     78     3045

 COOLING
  YESTERDAY        0                         2     -2        0
  MONTH TO DATE   12                        28    -16       44
  SINCE MAR 1     12                        37    -25       61
  SINCE JAN 1     12                        38    -26       71
..................................................................


WIND (MPH)
  HIGHEST WIND SPEED    18   HIGHEST WIND DIRECTION    NE (40)
  HIGHEST GUST SPEED    26   HIGHEST GUST DIRECTION    NE (40)
  AVERAGE WIND SPEED     9.4


SKY COVER
  AVERAGE SKY COVER 1.0


WEATHER CONDITIONS
 THE FOLLOWING WEATHER WAS RECORDED YESTERDAY.
  RAIN
  LIGHT RAIN
  FOG


RELATIVE HUMIDITY (PERCENT)
 HIGHEST   100          1200 AM
 LOWEST     86           400 PM
 AVERAGE    93

..........................................................


THE JOPLIN MO CLIMATE NORMALS FOR TODAY
                         NORMAL    RECORD    YEAR
 MAXIMUM TEMPERATURE (F)   72        90      1989
 MINIMUM TEMPERATURE (F)   49        35      1956


SUNRISE AND SUNSET
APRIL 23 2018.........SUNRISE   633 AM CDT   SUNSET   800 PM CDT
APRIL 24 2018.........SUNRISE   632 AM CDT   SUNSET   801 PM CDT


-  INDICATES NEGATIVE NUMBERS.
R  INDICATES RECORD WAS SET OR TIED.
MM INDICATES DATA IS MISSING.
T  INDICATES TRACE AMOUNT.




$$
