000
CDUS41 KCTP 200624
CLIJST


CLIMATE REPORT
NATIONAL WEATHER SERVICE STATE COLLEGE PA
224 AM EDT FRI APR 20 2018


...................................

...THE JOHNSTOWN CLIMATE SUMMARY FOR APRIL 19 2018...

CLIMATE NORMAL PERIOD 1981 TO 2010
CLIMATE RECORD PERIOD 1892 TO 2018


WEATHER ITEM   OBSERVED TIME   RECORD YEAR NORMAL DEPARTURE LAST
                VALUE   (LST)  VALUE       VALUE  FROM      YEAR
                                                  NORMAL
..................................................................
TEMPERATURE (F)
 YESTERDAY
  MAXIMUM         42   1231 AM  90    1976  58    -16       66
  MINIMUM         28   1159 PM  23    1983  39    -11       47
  AVERAGE         35                        49    -14       57

PRECIPITATION (IN)
  YESTERDAY        0.24          0.91 1943   0.11   0.13     0.10
  MONTH TO DATE    2.99                      2.39   0.60     1.75
  SINCE MAR 1      6.17                      5.68   0.49     5.81
  SINCE JAN 1     16.12                     10.91   5.21    11.47

DEGREE DAYS
 HEATING
  YESTERDAY       30                        17     13        8
  MONTH TO DATE  475                       379     96      238
  SINCE MAR 1   1538                      1292    246     1168
  SINCE JUL 1   5973                      6175   -202     5088

 COOLING
  YESTERDAY        0                         0      0        0
  MONTH TO DATE   12                         0     12        0
  SINCE MAR 1     12                         0     12        0
  SINCE JAN 1     12                         0     12        0
..................................................................


WIND (MPH)
  HIGHEST WIND SPEED    28   HIGHEST WIND DIRECTION    NW (310)
  HIGHEST GUST SPEED    37   HIGHEST GUST DIRECTION    NW (300)
  AVERAGE WIND SPEED    14.9


SKY COVER
  POSSIBLE SUNSHINE  MM
  AVERAGE SKY COVER 1.0


WEATHER CONDITIONS
 THE FOLLOWING WEATHER WAS RECORDED YESTERDAY.
  RAIN
  LIGHT RAIN
  SNOW
  LIGHT SNOW
  FOG
  FOG W/VISIBILITY <= 1/4 MILE


RELATIVE HUMIDITY (PERCENT)
 HIGHEST    92           200 AM
 LOWEST     61           700 PM
 AVERAGE    77

..........................................................


THE JOHNSTOWN CLIMATE NORMALS FOR TODAY
                         NORMAL    RECORD    YEAR
 MAXIMUM TEMPERATURE (F)   59        90      1976
 MINIMUM TEMPERATURE (F)   40        23      1897


SUNRISE AND SUNSET
APRIL 20 2018.........SUNRISE   630 AM EDT   SUNSET   759 PM EDT
APRIL 21 2018.........SUNRISE   628 AM EDT   SUNSET   800 PM EDT


-  INDICATES NEGATIVE NUMBERS.
R  INDICATES RECORD WAS SET OR TIED.
MM INDICATES DATA IS MISSING.
T  INDICATES TRACE AMOUNT.




$$
