000
CDUS43 KGRR 261327
CLILAN


CLIMATE REPORT
NATIONAL WEATHER SERVICE GRAND RAPIDS, MI
927 AM EDT SAT MAY 26 2018


...................................

...THE LANSING MI CLIMATE SUMMARY FOR MAY 26 2018...
VALID AS OF 0900 AM LOCAL TIME.

CLIMATE NORMAL PERIOD 1981 TO 2010
CLIMATE RECORD PERIOD 1864 TO 2018


WEATHER ITEM   OBSERVED TIME   RECORD YEAR NORMAL DEPARTURE LAST
                VALUE   (LST)  VALUE       VALUE  FROM      YEAR
                                                  NORMAL
..................................................................
TEMPERATURE (F)
 TODAY
  MAXIMUM         73    240 AM  90    1911  72      1       71
  MINIMUM         69    658 AM  31    1891  50     19       55
  AVERAGE         71                        61     10       63

PRECIPITATION (IN)
  TODAY            0.00          1.77 1932   0.11  -0.11     0.00
  MONTH TO DATE    4.07                      2.79   1.28     2.44
  SINCE MAR 1      8.43                      7.88   0.55    10.73
  SINCE JAN 1     15.04                     11.00   4.04    17.01

SNOWFALL (IN)
  TODAY            0.0           T    1932   0.0    0.0      0.0
  MONTH TO DATE    0.0                       0.0    0.0      0.0
  SINCE MAR 1      8.0                       8.9   -0.9      2.6
  SINCE JUL 1     53.3                      51.1    2.2     30.2
  SNOW DEPTH       0

DEGREE DAYS
 HEATING
  TODAY            0                         6     -6        2
  MONTH TO DATE  111                       234   -123      236
  SINCE MAR 1   1825                      1697    128     1535
  SINCE JUL 1   6603                      6632    -29     5580

 COOLING
  TODAY            6                         2      4        0
  MONTH TO DATE   35                        24     11       20
  SINCE MAR 1     35                        31      4       28
  SINCE JAN 1     35                        31      4       28
..................................................................


WIND (MPH)
  RESULTANT WIND SPEED   5   RESULTANT WIND DIRECTION  SW (230)
  HIGHEST WIND SPEED    12   HIGHEST WIND DIRECTION     S (200)
  HIGHEST GUST SPEED    15   HIGHEST GUST DIRECTION     S (200)
  AVERAGE WIND SPEED     5.6


SKY COVER
  AVERAGE SKY COVER 0.4


WEATHER CONDITIONS
 THE FOLLOWING WEATHER WAS RECORDED TODAY.
  NO SIGNIFICANT WEATHER WAS OBSERVED.


RELATIVE HUMIDITY (PERCENT)
 HIGHEST    78           700 AM
 LOWEST     53           300 AM
 AVERAGE    66

..........................................................


THE LANSING MI CLIMATE NORMALS FOR TOMORROW
                         NORMAL    RECORD    YEAR
 MAXIMUM TEMPERATURE (F)   72        93      1911
 MINIMUM TEMPERATURE (F)   50        27      1961


SUNRISE AND SUNSET
MAY 26 2018...........SUNRISE   606 AM EDT   SUNSET   905 PM EDT
MAY 27 2018...........SUNRISE   606 AM EDT   SUNSET   906 PM EDT


-  INDICATES NEGATIVE NUMBERS.
R  INDICATES RECORD WAS SET OR TIED.
MM INDICATES DATA IS MISSING.
T  INDICATES TRACE AMOUNT.




$$
