000
CDUS46 KLOX 210910
CLILAX


CLIMATE REPORT
NATIONAL WEATHER SERVICE LOS ANGELES/OXNARD CA
209 AM PDT SAT APR 21 2018


...................................

...THE LOS ANGELES INTL AIRPORT CA CLIMATE SUMMARY FOR APRIL 20 2018...

CLIMATE NORMAL PERIOD 1981 TO 2010
CLIMATE RECORD PERIOD 1944 TO 2018


WEATHER ITEM   OBSERVED TIME   RECORD YEAR NORMAL DEPARTURE LAST
                VALUE   (LST)  VALUE       VALUE  FROM      YEAR
                                                  NORMAL
..................................................................
TEMPERATURE (F)
 YESTERDAY
  MAXIMUM         72   1123 AM  95    2009  67      5       74
  MINIMUM         51    424 AM  47    1972  54     -3       55
                                      1957
  AVERAGE         62                        60      2       65

PRECIPITATION (IN)
  YESTERDAY        0.00          0.87 1953   0.02  -0.02     0.00
  MONTH TO DATE    0.05                      0.53  -0.48     0.38
  SINCE OCT 1      3.73                     12.06  -8.33    16.19
  SINCE JAN 1      3.62                      8.34  -4.72    11.94

SNOWFALL (IN)
  YESTERDAY        0.0
  MONTH TO DATE    0.0
  SINCE MAR 1      0.0
  SINCE JUL 1      0.0

DEGREE DAYS
 HEATING
  YESTERDAY        3                         5     -2        0
  MONTH TO DATE   66                       113    -47       64
  SINCE MAR 1    255                       334    -79      176
  SINCE JUL 1    704                      1263   -559      949

 COOLING
  YESTERDAY        0                         0      0        0
  MONTH TO DATE   19                         0     19        2
  SINCE MAR 1     19                         6     13        4
  SINCE JAN 1     50                        15     35        4
..................................................................


WIND (MPH)
  HIGHEST WIND SPEED    21   HIGHEST WIND DIRECTION     W (260)
  HIGHEST GUST SPEED    26   HIGHEST GUST DIRECTION    SW (230)
  AVERAGE WIND SPEED     7.9


SKY COVER
  POSSIBLE SUNSHINE  MM
  AVERAGE SKY COVER 0.2


WEATHER CONDITIONS
 THE FOLLOWING WEATHER WAS RECORDED YESTERDAY.
  NO SIGNIFICANT WEATHER WAS OBSERVED.


RELATIVE HUMIDITY (PERCENT)
 HIGHEST    89           400 AM
 LOWEST     44          1100 AM
 AVERAGE    67

..........................................................


THE LOS ANGELES INTL AIRPORT CA CLIMATE NORMALS FOR TODAY
                         NORMAL    RECORD    YEAR
 MAXIMUM TEMPERATURE (F)   67        90      2009
 MINIMUM TEMPERATURE (F)   54        44      1963


SUNRISE AND SUNSET
APRIL 21 2018.........SUNRISE   615 AM PDT   SUNSET   730 PM PDT
APRIL 22 2018.........SUNRISE   614 AM PDT   SUNSET   730 PM PDT


-  INDICATES NEGATIVE NUMBERS.
R  INDICATES RECORD WAS SET OR TIED.
MM INDICATES DATA IS MISSING.
T  INDICATES TRACE AMOUNT.




$$
