000
CDUS43 KLBF 230939
CLILBF


CLIMATE REPORT
NATIONAL WEATHER SERVICE NORTH PLATTE
437 AM CDT MON APR 23 2018


...................................

...THE NORTH PLATTE NE CLIMATE SUMMARY FOR APRIL 22 2018...

CLIMATE NORMAL PERIOD 1981 TO 2010
CLIMATE RECORD PERIOD 1874 TO 2018


WEATHER ITEM   OBSERVED TIME   RECORD YEAR NORMAL DEPARTURE LAST
                VALUE   (LST)  VALUE       VALUE  FROM      YEAR
                                                  NORMAL
..................................................................
TEMPERATURE (F)
 YESTERDAY
  MAXIMUM         58    504 PM  93    1989  64     -6       65
  MINIMUM         39   1159 PM  20    1996  35      4       27
                                      1967
  AVERAGE         49                        50     -1       46

PRECIPITATION (IN)
  YESTERDAY        0.00          2.80 1890   0.09  -0.09     0.00
  MONTH TO DATE    1.25                      1.56  -0.31     0.31
  SINCE MAR 1      1.96                      2.61  -0.65     2.13
  SINCE JAN 1      3.86                      3.45   0.41     3.32

SNOWFALL (IN)
  YESTERDAY        0.0           3.6  1887   0.1   -0.1      0.0
  MONTH TO DATE    9.5                       2.8    6.7      0.0
  SINCE MAR 1     12.6                       7.2    5.4       T
  SINCE JUL 1     49.1                      28.1   21.0     20.3
  SNOW DEPTH       0

DEGREE DAYS
 HEATING
  YESTERDAY       16                        15      1       19
  MONTH TO DATE  563                       414    149      265
  SINCE MAR 1   1346                      1251     95      916
  SINCE JUL 1   6372                      6279     93     5238

 COOLING
  YESTERDAY        0                         0      0        0
  MONTH TO DATE    0                         0      0        2
  SINCE MAR 1      0                         0      0        2
  SINCE JAN 1      0                         0      0        2
..................................................................


WIND (MPH)
  HIGHEST WIND SPEED     9   HIGHEST WIND DIRECTION     S (180)
  HIGHEST GUST SPEED    15   HIGHEST GUST DIRECTION     S (190)
  AVERAGE WIND SPEED     3.2


SKY COVER
  POSSIBLE SUNSHINE  MM
  AVERAGE SKY COVER 0.7


WEATHER CONDITIONS
 THE FOLLOWING WEATHER WAS RECORDED YESTERDAY.
  FOG


RELATIVE HUMIDITY (PERCENT)
 HIGHEST    92           200 AM
 LOWEST     47           500 PM
 AVERAGE    70

..........................................................


THE NORTH PLATTE NE CLIMATE NORMALS FOR TODAY
                         NORMAL    RECORD    YEAR
 MAXIMUM TEMPERATURE (F)   65        91      1939
 MINIMUM TEMPERATURE (F)   36        18      2013


SUNRISE AND SUNSET
APRIL 23 2018.........SUNRISE   651 AM CDT   SUNSET   831 PM CDT
APRIL 24 2018.........SUNRISE   650 AM CDT   SUNSET   832 PM CDT


-  INDICATES NEGATIVE NUMBERS.
R  INDICATES RECORD WAS SET OR TIED.
MM INDICATES DATA IS MISSING.
T  INDICATES TRACE AMOUNT.




$$
