000
CDUS41 KOKX 230617
CLILGA


CLIMATE REPORT
NATIONAL WEATHER SERVICE NEW YORK NY
216 AM EDT MON APR 23 2018


...................................

...THE LAGUARDIA NY CLIMATE SUMMARY FOR APRIL 22 2018...

CLIMATE NORMAL PERIOD 1981 TO 2010
CLIMATE RECORD PERIOD 1939 TO 2018


WEATHER ITEM   OBSERVED TIME   RECORD YEAR NORMAL DEPARTURE LAST
                VALUE   (LST)  VALUE       VALUE  FROM      YEAR
                                                  NORMAL
..................................................................
TEMPERATURE (F)
 YESTERDAY
  MAXIMUM         65    245 PM  85    2001  63      2       56
                                      1962
  MINIMUM         46    512 AM  33    1947  47     -1       49
  AVERAGE         56                        55      1       53

PRECIPITATION (IN)
  YESTERDAY        0.00          1.90 2012   0.13  -0.13     0.07
  MONTH TO DATE    4.04                      3.01   1.03     3.10
  SINCE MAR 1      8.12                      6.98   1.14     7.79
  SINCE JAN 1     16.18                     12.91   3.27    13.79

SNOWFALL (IN)
  YESTERDAY        0.0           T    1972   0.0    0.0      0.0
  MONTH TO DATE    5.5                       0.5    5.0      0.0
  SINCE OCT 1     38.4                      26.9   11.5     33.2
  SINCE JUL 1     38.4                      26.9   11.5     33.2
  SNOW DEPTH       0

DEGREE DAYS
 HEATING
  YESTERDAY        9                        10     -1       12
  MONTH TO DATE  389                       306     83      203
  SINCE MAR 1   1133                      1013    120      938
  SINCE JUL 1   4266                      4442   -176     3625

 COOLING
  YESTERDAY        0                         0      0        0
  MONTH TO DATE    6                         0      6       14
  SINCE MAR 1      6                         0      6       14
  SINCE JAN 1      6                         0      6       14
..................................................................


WIND (MPH)
  HIGHEST WIND SPEED    18   HIGHEST WIND DIRECTION     S (180)
  HIGHEST GUST SPEED    23   HIGHEST GUST DIRECTION     S (190)
  AVERAGE WIND SPEED     8.4


SKY COVER
  AVERAGE SKY COVER 0.3


WEATHER CONDITIONS
 THE FOLLOWING WEATHER WAS RECORDED YESTERDAY.
  NO SIGNIFICANT WEATHER WAS OBSERVED.


RELATIVE HUMIDITY (PERCENT)
 HIGHEST    49           500 AM
 LOWEST     14           200 PM
 AVERAGE    32

..........................................................


THE LAGUARDIA NY CLIMATE NORMALS FOR TODAY
                         NORMAL    RECORD    YEAR
 MAXIMUM TEMPERATURE (F)   64        85      2007
 MINIMUM TEMPERATURE (F)   47        36      1986


SUNRISE AND SUNSET
APRIL 23 2018.........SUNRISE   605 AM EDT   SUNSET   743 PM EDT
APRIL 24 2018.........SUNRISE   604 AM EDT   SUNSET   745 PM EDT


-  INDICATES NEGATIVE NUMBERS.
R  INDICATES RECORD WAS SET OR TIED.
MM INDICATES DATA IS MISSING.
T  INDICATES TRACE AMOUNT.




$$
