733
CDUS46 KMFR 240836
CLILMT


CLIMATE REPORT
NATIONAL WEATHER SERVICE MEDFORD, OR
135 AM PDT TUE APR 24 2018


...................................

...THE KLAMATH FALLS OR CLIMATE SUMMARY FOR APRIL 23 2018...

CLIMATE NORMAL PERIOD 1981 TO 2010
CLIMATE RECORD PERIOD 1928 TO 2018


WEATHER ITEM   OBSERVED TIME   RECORD YEAR NORMAL DEPARTURE LAST
                VALUE   (LST)  VALUE       VALUE  FROM      YEAR
                                                  NORMAL
..................................................................
TEMPERATURE (F)
 YESTERDAY
  MAXIMUM         68    523 PM  80    2012  59      9       56
  MINIMUM         33    415 AM  22    1976  31      2       32
  AVERAGE         51                        45      6       44

PRECIPITATION (IN)
  YESTERDAY        0.00          0.37 1989   0.05  -0.05      T
  MONTH TO DATE    1.24                      0.95   0.29     0.57
  SINCE OCT 1      5.92                     10.68  -4.76    10.41
  SINCE JAN 1      3.67                      5.99  -2.32     5.66

SNOWFALL (IN)
  YESTERDAY       MM                        MM     MM       MM
  MONTH TO DATE   MM                        MM     MM       MM
  SINCE JUL 1     MM                        MM     MM       MM
  SNOW DEPTH      MM

DEGREE DAYS
 HEATING
  YESTERDAY       14                        20     -6       21
  MONTH TO DATE  504                       525    -21      517
  SINCE MAR 1   1361                      1346     15     1224
  SINCE JUL 1   5790                      6187   -397     6062

 COOLING
  YESTERDAY        0                         0      0        0
  MONTH TO DATE    0                         0      0        0
  SINCE MAR 1      0                         0      0        0
  SINCE JAN 1      0                         0      0        0
..................................................................


WIND (MPH)
  HIGHEST WIND SPEED    15   HIGHEST WIND DIRECTION     E (70)
  HIGHEST GUST SPEED    20   HIGHEST GUST DIRECTION     E (90)
  AVERAGE WIND SPEED     5.8


SKY COVER
  POSSIBLE SUNSHINE  MM
  AVERAGE SKY COVER 0.0


WEATHER CONDITIONS
 THE FOLLOWING WEATHER WAS RECORDED YESTERDAY.
  NO SIGNIFICANT WEATHER WAS OBSERVED.


RELATIVE HUMIDITY (PERCENT)
 HIGHEST    70           500 AM
 LOWEST     17           400 PM

..........................................................


THE KLAMATH FALLS OR CLIMATE NORMALS FOR TODAY
                         NORMAL    RECORD    YEAR
 MAXIMUM TEMPERATURE (F)   59        78      1977
 MINIMUM TEMPERATURE (F)   32        17      1968


SUNRISE AND SUNSET
APRIL 24 2018.........SUNRISE   612 AM PDT   SUNSET   758 PM PDT
APRIL 25 2018.........SUNRISE   611 AM PDT   SUNSET   800 PM PDT


-  INDICATES NEGATIVE NUMBERS.
R  INDICATES RECORD WAS SET OR TIED.
MM INDICATES DATA IS MISSING.
T  INDICATES TRACE AMOUNT.




$$
