000
CDUS45 KRIW 190737
CLILND


CLIMATE REPORT
NATIONAL WEATHER SERVICE
736 AM UTC THU APR 19 2018


...................................

...THE LANDER WY CLIMATE SUMMARY FOR APRIL 18 2018...

CLIMATE NORMAL PERIOD 1981 TO 2010
CLIMATE RECORD PERIOD 1891 TO 2018


WEATHER ITEM   OBSERVED TIME   RECORD YEAR NORMAL DEPARTURE LAST
                VALUE   (LST)  VALUE       VALUE  FROM      YEAR
                                                  NORMAL
..................................................................
TEMPERATURE (F)
 YESTERDAY
  MAXIMUM         54    419 PM  78    1994  57     -3       63
  MINIMUM         23    607 AM   7    1945  32     -9       37
  AVERAGE         39                        44     -5       50

PRECIPITATION (IN)
  YESTERDAY        0.00          1.17 1966   0.07  -0.07     0.45
  MONTH TO DATE    0.28                      1.04  -0.76     1.35
  SINCE MAR 1      1.37                      2.20  -0.83     6.00
  SINCE JAN 1      2.99                      3.19  -0.20     8.38

SNOWFALL (IN)
  YESTERDAY        0.0                       0.6   -0.6      0.0
  MONTH TO DATE    2.4                      10.6   -8.2     10.7
  SINCE MAR 1     10.5                      26.7  -16.2     16.4
  SINCE JUL 1     57.7                      80.3  -22.6     77.4
  SNOW DEPTH       0

DEGREE DAYS
 HEATING
  YESTERDAY       26                        21      5       15
  MONTH TO DATE  430                       412     18      394
  SINCE MAR 1   1311                      1327    -16     1106
  SINCE JUL 1   6761                      7031   -270     6809

 COOLING
  YESTERDAY        0                         0      0        0
  MONTH TO DATE    0                         0      0        0
  SINCE MAR 1      0                         0      0        0
  SINCE JAN 1      0                         0      0        0
..................................................................


WIND (MPH)
  HIGHEST WIND SPEED    16   HIGHEST WIND DIRECTION    SE (140)
  HIGHEST GUST SPEED    21   HIGHEST GUST DIRECTION    SE (120)
  AVERAGE WIND SPEED     6.2


SKY COVER
  POSSIBLE SUNSHINE  MM
  AVERAGE SKY COVER 0.0


WEATHER CONDITIONS
 THE FOLLOWING WEATHER WAS RECORDED YESTERDAY.
  NO SIGNIFICANT WEATHER WAS OBSERVED.


RELATIVE HUMIDITY (PERCENT)
 HIGHEST    65           600 AM
 LOWEST     24           400 PM
 AVERAGE    45

..........................................................


THE LANDER WY CLIMATE NORMALS FOR TODAY
                         NORMAL    RECORD    YEAR
 MAXIMUM TEMPERATURE (F)   57        82      1962
 MINIMUM TEMPERATURE (F)   32         2      1893


SUNRISE AND SUNSET
APRIL 19 2018.........SUNRISE   627 AM MDT   SUNSET   802 PM MDT
APRIL 20 2018.........SUNRISE   625 AM MDT   SUNSET   803 PM MDT


-  INDICATES NEGATIVE NUMBERS.
R  INDICATES RECORD WAS SET OR TIED.
MM INDICATES DATA IS MISSING.
T  INDICATES TRACE AMOUNT.




$$
