000
CDUS43 KLOT 232133
CLILOT


CLIMATE REPORT
NATIONAL WEATHER SERVICE CHICAGO IL
432 PM CDT MON APR 23 2018


...................................

...THE ROMEOVILLE  WFO CLIMATE SUMMARY FOR APRIL 23 2018...
VALID TODAY AS OF 0400 PM LOCAL TIME.

CLIMATE NORMAL PERIOD 1981 TO 2010
CLIMATE RECORD PERIOD 1992 TO 2018


WEATHER ITEM   OBSERVED TIME   RECORD YEAR NORMAL DEPARTURE
                VALUE   (LST)  VALUE       VALUE  FROM
                                                  NORMAL
...............................................................
TEMPERATURE (F)
 TODAY
  MAXIMUM         65    100 PM  75    2008  64      1
  MINIMUM         44        MM  29    2015  42      2
  AVERAGE         55                        53      2

PRECIPITATION (IN)
  TODAY            0.00          0.65 2013   0.14  -0.14
  MONTH TO DATE    2.12                      2.88  -0.76
  SINCE MAR 1      4.21                      5.65  -1.44
  SINCE JAN 1     10.99                      9.36   1.63

SNOWFALL (IN)
  TODAY            0.0           0.0  2011   0.0    0.0
                                      2010
                                      2009
  MONTH TO DATE    4.2                       0.5    3.7
  SINCE MAR 1      6.1                       4.9    1.2
  SINCE JUL 1     37.7                      32.3    5.4

DEGREE DAYS
 HEATING
  TODAY           10                        12     -2
  MONTH TO DATE  600                       373    227
  SINCE MAR 1   1473                      1190    283
  SINCE JUL 1   6155                      5918    237

 COOLING
  TODAY            0                         0      0
  MONTH TO DATE    0                         0      0
  SINCE MAR 1      0                         0      0
  SINCE JAN 1      0                         0      0
...............................................................







THE ROMEOVILLE  WFO CLIMATE NORMALS FOR TOMORROW
                         NORMAL    RECORD    YEAR
 MAXIMUM TEMPERATURE (F)   64        84      1994
 MINIMUM TEMPERATURE (F)   43        31      2015
                                             1995


SUNRISE AND SUNSET
APRIL 23 2018.........SUNRISE   600 AM CDT   SUNSET   742 PM CDT
APRIL 24 2018.........SUNRISE   559 AM CDT   SUNSET   743 PM CDT


-  INDICATES NEGATIVE NUMBERS.
R  INDICATES RECORD WAS SET OR TIED.
MM INDICATES DATA IS MISSING.
T  INDICATES TRACE AMOUNT.




$$
