000
CDUS45 KTFX 261014
CLILWT


CLIMATE REPORT
NATIONAL WEATHER SERVICE GREAT FALLS MT
413 AM MDT THU APR 26 2018


...................................

...THE LEWISTOWN MT CLIMATE SUMMARY FOR APRIL 25 2018...

CLIMATE NORMAL PERIOD 1981 TO 2010
CLIMATE RECORD PERIOD 1896 TO 2018


WEATHER ITEM   OBSERVED TIME   RECORD YEAR NORMAL DEPARTURE LAST
                VALUE   (LST)  VALUE       VALUE  FROM      YEAR
                                                  NORMAL
..................................................................
TEMPERATURE (F)
 YESTERDAY
  MAXIMUM         64   1153 AM  81    1898  57      7       46
  MINIMUM         29    404 AM   9    1960  31     -2       31
  AVERAGE         47                        44      3       39

PRECIPITATION (IN)
  YESTERDAY        T             0.84 1912   0.06  -0.06     0.22
  MONTH TO DATE    1.71                      1.12   0.59     2.03
  SINCE OCT 1      6.43                      5.62   0.81     7.89
  SINCE JAN 1      4.43                      3.12   1.31     3.49

SNOWFALL (IN)
  YESTERDAY       MM
  SNOW DEPTH       0

DEGREE DAYS
 HEATING
  YESTERDAY       18                        21     -3       26
  MONTH TO DATE  740                       607    133      558
  SINCE MAR 1   1838                      1602    236     1440
  SINCE JUL 1   7964                      7406    558     7251

 COOLING
  YESTERDAY        0                         0      0        0
  MONTH TO DATE    0                         0      0        0
  SINCE MAR 1      0                         0      0        0
  SINCE JAN 1      0                         0      0        0
..................................................................


WIND (MPH)
  HIGHEST WIND SPEED    30   HIGHEST WIND DIRECTION     W (250)
  HIGHEST GUST SPEED    37   HIGHEST GUST DIRECTION    NW (320)
  AVERAGE WIND SPEED    12.7


SKY COVER
  AVERAGE SKY COVER 0.2


WEATHER CONDITIONS
 THE FOLLOWING WEATHER WAS RECORDED YESTERDAY.
  LIGHT RAIN


RELATIVE HUMIDITY (PERCENT)
 HIGHEST    89           900 PM
 LOWEST     19          1200 PM
 AVERAGE    54

..........................................................


THE LEWISTOWN MT CLIMATE NORMALS FOR TODAY
                         NORMAL    RECORD    YEAR
 MAXIMUM TEMPERATURE (F)   57        86      1910
 MINIMUM TEMPERATURE (F)   32        17      1988


SUNRISE AND SUNSET
APRIL 26 2018.........SUNRISE   610 AM MDT   SUNSET   822 PM MDT
APRIL 27 2018.........SUNRISE   609 AM MDT   SUNSET   823 PM MDT


-  INDICATES NEGATIVE NUMBERS.
R  INDICATES RECORD WAS SET OR TIED.
MM INDICATES DATA IS MISSING.
T  INDICATES TRACE AMOUNT.




$$
