000
CDUS41 KRNK 250933
CLILYH


CLIMATE REPORT
NATIONAL WEATHER SERVICE BLACKSBURG VA
530 AM EDT WED APR 25 2018


...................................

...THE LYNCHBURG VA CLIMATE SUMMARY FOR APRIL 24 2018...

CLIMATE NORMAL PERIOD 1981 TO 2010
CLIMATE RECORD PERIOD 1893 TO 2018


WEATHER ITEM   OBSERVED TIME   RECORD YEAR NORMAL DEPARTURE LAST
                VALUE   (LST)  VALUE       VALUE  FROM      YEAR
                                                  NORMAL
..................................................................
TEMPERATURE (F)
 YESTERDAY
  MAXIMUM         58    230 PM  95    1925  71    -13       52
  MINIMUM         48    644 AM  32    2002  45      3       48
                                      1922
  AVERAGE         53                        58     -5       50

PRECIPITATION (IN)
  YESTERDAY        2.15R         1.63 1987   0.11   2.04     1.39
  MONTH TO DATE    4.04                      2.66   1.38     4.02
  SINCE MAR 1      7.11                      6.24   0.87     6.68
  SINCE JAN 1     15.77                     12.31   3.46    11.06

SNOWFALL (IN)
  YESTERDAY        0.0                                       0.0
  MONTH TO DATE    0.5                                       0.0
  SINCE MAR 1      8.2                                        T
  SINCE JUL 1     13.9                                       5.9
  SNOW DEPTH       0

DEGREE DAYS
 HEATING
  YESTERDAY       12                         8      4       15
  MONTH TO DATE  315                       260     55      149
  SINCE MAR 1   1037                       855    182      688
  SINCE JUL 1   4265                      4279    -14     3397

 COOLING
  YESTERDAY        0                         1     -1        0
  MONTH TO DATE   11                        12     -1       26
  SINCE MAR 1     11                        14     -3       26
  SINCE JAN 1     11                        14     -3       27
..................................................................


WIND (MPH)
  HIGHEST WIND SPEED    20   HIGHEST WIND DIRECTION    NE (60)
  HIGHEST GUST SPEED    28   HIGHEST GUST DIRECTION    NE (60)
  AVERAGE WIND SPEED    12.4


SKY COVER
  AVERAGE SKY COVER 1.0


WEATHER CONDITIONS
 THE FOLLOWING WEATHER WAS RECORDED YESTERDAY.
  HEAVY RAIN
  RAIN
  LIGHT RAIN
  FOG


RELATIVE HUMIDITY (PERCENT)
 HIGHEST   100           100 PM
 LOWEST     71          1200 AM
 AVERAGE    86

..........................................................


THE LYNCHBURG VA CLIMATE NORMALS FOR TODAY
                         NORMAL    RECORD    YEAR
 MAXIMUM TEMPERATURE (F)   71        94      1925
 MINIMUM TEMPERATURE (F)   45        30      1969


SUNRISE AND SUNSET
APRIL 25 2018.........SUNRISE   629 AM EDT   SUNSET   801 PM EDT
APRIL 26 2018.........SUNRISE   628 AM EDT   SUNSET   802 PM EDT


-  INDICATES NEGATIVE NUMBERS.
R  INDICATES RECORD WAS SET OR TIED.
MM INDICATES DATA IS MISSING.
T  INDICATES TRACE AMOUNT.

$$

RAB
