703
CDUS44 KMAF 240735
CLIMAF


CLIMATE REPORT
NATIONAL WEATHER SERVICE MIDLAND TX
234 AM CDT THU MAY 24 2018


...................................

...THE MIDLAND CLIMATE SUMMARY FOR MAY 23 2018...

CLIMATE NORMAL PERIOD 1981 TO 2010
CLIMATE RECORD PERIOD 1930 TO 2018


WEATHER ITEM   OBSERVED TIME   RECORD YEAR NORMAL DEPARTURE LAST
                VALUE   (LST)  VALUE       VALUE  FROM      YEAR
                                                  NORMAL
..................................................................
TEMPERATURE (F)
 YESTERDAY
  MAXIMUM         91    357 PM 106    1989  89      2       70
  MINIMUM         70    538 AM  47    1988  62      8       56
  AVERAGE         81                        76      5       63

PRECIPITATION (IN)
  YESTERDAY        0.00          2.72 1992   0.07  -0.07     0.00
  MONTH TO DATE    0.68                      1.15  -0.47     0.58
  SINCE MAR 1      0.79                      2.40  -1.61     3.54
  SINCE JAN 1      0.84                      3.67  -2.83     5.38

DEGREE DAYS
 COOLING
  YESTERDAY       16                        11      5        0
  MONTH TO DATE  352                       187    165      181
  SINCE MAR 1    512                       293    219      440
  SINCE JAN 1    519                       295    224      457
..................................................................


WIND (MPH)
  HIGHEST WIND SPEED    26   HIGHEST WIND DIRECTION    SE (130)
  HIGHEST GUST SPEED    33   HIGHEST GUST DIRECTION    SE (130)
  AVERAGE WIND SPEED    17.2


SKY COVER
  POSSIBLE SUNSHINE  MM
  AVERAGE SKY COVER 0.3


WEATHER CONDITIONS
 THE FOLLOWING WEATHER WAS RECORDED YESTERDAY.
  NO SIGNIFICANT WEATHER WAS OBSERVED.


RELATIVE HUMIDITY (PERCENT)
 HIGHEST    79           600 AM
 LOWEST     30           400 PM
 AVERAGE    55

..........................................................


THE MIDLAND CLIMATE NORMALS FOR TODAY
                         NORMAL    RECORD    YEAR
 MAXIMUM TEMPERATURE (F)   90       108      2000
                                             1989
 MINIMUM TEMPERATURE (F)   62        48      1940


SUNRISE AND SUNSET
MAY 24 2018...........SUNRISE   646 AM CDT   SUNSET   845 PM CDT
MAY 25 2018...........SUNRISE   646 AM CDT   SUNSET   846 PM CDT


-  INDICATES NEGATIVE NUMBERS.
R  INDICATES RECORD WAS SET OR TIED.
MM INDICATES DATA IS MISSING.
T  INDICATES TRACE AMOUNT.




$$
