000
CDUS42 KTAE 230633
CLIMAI


CLIMATE REPORT
NATIONAL WEATHER SERVICE TALLAHASSEE FL
232 AM EDT MON APR 23 2018


...................................

...THE MARIANNA CLIMATE SUMMARY FOR APRIL 22 2018...

CLIMATE NORMAL PERIOD 1981 TO 2010
CLIMATE RECORD PERIOD 1950 TO 2018


WEATHER ITEM   OBSERVED NORMAL DEPARTURE LAST
                VALUE   VALUE  FROM      YEAR
                               NORMAL
...............................................
TEMPERATURE (F)
 YESTERDAY
  MAXIMUM         79     81     -2       87
  MINIMUM         67     55     12       61
  AVERAGE         73     68      5       74

PRECIPITATION (IN)
  YESTERDAY        T      0.11  -0.11     0.00
  MONTH TO DATE    0.49   3.18  -2.69     1.94
  SINCE MAR 1      4.57   8.72  -4.15     4.02
  SINCE JAN 1     18.71  18.70   0.01    14.42

DEGREE DAYS
 HEATING
  YESTERDAY        0            -1
  MONTH TO DATE   42           -14
  SINCE MAR 1    226           -10
  SINCE JUL 1   1365          -276

 COOLING
  YESTERDAY        8             4
  MONTH TO DATE   51           -17
  SINCE MAR 1     97            -3
  SINCE JAN 1    205            90
...............................................


WIND (MPH)
  HIGHEST WIND SPEED    17   HIGHEST WIND DIRECTION    SE (150)
  HIGHEST GUST SPEED    25   HIGHEST GUST DIRECTION     S (170)
  AVERAGE WIND SPEED     8.0




RELATIVE HUMIDITY (PERCENT)
 HIGHEST    97
 LOWEST     69
 AVERAGE    83

..........................................................




SUNRISE AND SUNSET
APRIL 23 2018.........SUNRISE   604 AM CDT   SUNSET   714 PM CDT
APRIL 24 2018.........SUNRISE   603 AM CDT   SUNSET   715 PM CDT


-  INDICATES NEGATIVE NUMBERS.
R  INDICATES RECORD WAS SET OR TIED.
MM INDICATES DATA IS MISSING.
T  INDICATES TRACE AMOUNT.




$$
